{"id":52407,"date":"2023-07-17T16:17:30","date_gmt":"2023-07-17T15:17:30","guid":{"rendered":"http:\/\/www.raccontinellarete.it\/?page_id=52407"},"modified":"2024-10-27T21:33:15","modified_gmt":"2024-10-27T20:33:15","slug":"vincitore-sezione-corti-racconti-nella-rete-2023","status":"publish","type":"page","link":"https:\/\/www.raccontinellarete.it\/?page_id=52407","title":{"rendered":"Vincitore Racconti per Corti 2023"},"content":{"rendered":"\n<p>La giuria tecnica della sezione \u201cCorti\u201d del Premio letterario Racconti nella Rete 2023 ha selezionato per la realizzazione del cortometraggio il soggetto&nbsp; dal titolo&nbsp;&nbsp;<strong>\u201cSepar\u00e8\u201d&nbsp;<\/strong>dell\u2019autore napoletano<strong>&nbsp;Piero Fittipaldi.<\/strong><\/p>\n\n\n\n<p>\u201cSepar\u00e8\u201d nasce dall\u2019idea che nonostante i tanti mezzi a disposizione, sia sempre pi\u00f9 difficile comunicare in modo \u201creale\u201d \u2013&nbsp;<em>dice Piero Fittipaldi, gi\u00e0 vincitore in passato della sezione racconti del premio Racconti nella Rete<\/em>. \u201cHo voluto immaginare una piccola storia che mette in scena un paradosso trasformando una parete \u2013 oggetto nato per dividere, da cui il&nbsp; separ\u00e8 del titolo \u2013 &nbsp;in uno strumento che unisce, avvicina, \u201capre\u201d a un nuovo linguaggio \u201canalogico\u201d.<\/p>\n\n\n\n<p>Guido \u00e8 un trentenne tranquillo e silenzioso che vive in un piccolo appartamento. Quando Marta, la nuova inquilina, va ad abitare nell\u2019appartamento adiacente al suo, entrambi scopriranno che la sottile parete che divide i loro due appartamenti diventer\u00e0 un inaspettato mezzo per comunicare nevrosi ed emozioni.<\/p>\n\n\n\n<p>Il corto sar\u00e0 girato a Lucca&nbsp; nel mese di settembre con la collaborazione della Scuola di Cinema Immagina di Firenze. La regia \u00e8 di&nbsp;Giuseppe Ferlito.&nbsp; La proiezione in anteprima assoluta avr\u00e0 luogo&nbsp;sabato 30 settembre alle 16.30 presso Villa Bottini di Lucca in occasione della 29^ edizione del Festival LuccAutori \u2013 Premio Racconti nella Rete.&nbsp;La giuria del Premio, constatando la buona qualit\u00e0 dei testi pervenuti,&nbsp; riserva una menzione speciale ai soggetti&nbsp; \u201cLella Maresca Sbisa\u201d di Anna Rosa Perrone e \u201cIl libro giusto\u201d di Roberto Contini.<\/p>\n\n\n\n<p>Piero Fittipaldi \u00e8 un copywriter pubblicitario, scrive pubblicit\u00e0 da pi\u00f9 di quindici anni, e da un po\u2019 di tempo la insegna. \u201cMi occupo di progetti di comunicazione a tutto tondo, dalla carta stampata al web, dagli spot video a quelli radio\u201d \u2013 dice Fittipladi. \u201cScrivo perch\u00e9 leggo, e leggo perch\u00e9 la narrativa mi ha fatto vivere mondi straordinari, a cui ogni tanto provo ad aggiungere qualcosa di mio con brevi racconti. Purtroppo non ho il tempo e la costanza per qualcosa di pi\u00f9 lungo e corposo.&nbsp;Curiosit\u00e0: sono cos\u00ec affezionato a Racconti nella Rete che da quando sono stato tra i vincitori come autore di racconti, cerco di entrare nell\u2019albo d\u2019oro anche in quello per corti. Finalmente ci sono riuscito. Ma ora l\u2019anno prossimo a cosa partecipo?\u201d<\/p>\n\n\n\n<figure class=\"wp-block-image\"><img loading=\"lazy\" decoding=\"async\" width=\"683\" height=\"1024\" src=\"https:\/\/www.raccontinellarete.it\/301\/wp-content\/uploads\/2023\/07\/fittipaldi-683x1024.jpg\" alt=\"\" class=\"wp-image-52392\" srcset=\"https:\/\/www.raccontinellarete.it\/301\/wp-content\/uploads\/2023\/07\/fittipaldi-683x1024.jpg 683w, https:\/\/www.raccontinellarete.it\/301\/wp-content\/uploads\/2023\/07\/fittipaldi-167x250.jpg 167w, https:\/\/www.raccontinellarete.it\/301\/wp-content\/uploads\/2023\/07\/fittipaldi-768x1152.jpg 768w, https:\/\/www.raccontinellarete.it\/301\/wp-content\/uploads\/2023\/07\/fittipaldi-1024x1536.jpg 1024w, https:\/\/www.raccontinellarete.it\/301\/wp-content\/uploads\/2023\/07\/fittipaldi.jpg 1365w\" sizes=\"(max-width: 683px) 100vw, 683px\" \/><\/figure>\n<div class=\"pvc_clear\"><\/div><p id=\"pvc_stats_52407\" class=\"pvc_stats all  \" data-element-id=\"52407\" style=\"\"><i class=\"pvc-stats-icon medium\" aria-hidden=\"true\"><svg aria-hidden=\"true\" focusable=\"false\" data-prefix=\"far\" data-icon=\"chart-bar\" role=\"img\" xmlns=\"http:\/\/www.w3.org\/2000\/svg\" viewBox=\"0 0 512 512\" class=\"svg-inline--fa fa-chart-bar fa-w-16 fa-2x\"><path fill=\"currentColor\" d=\"M396.8 352h22.4c6.4 0 12.8-6.4 12.8-12.8V108.8c0-6.4-6.4-12.8-12.8-12.8h-22.4c-6.4 0-12.8 6.4-12.8 12.8v230.4c0 6.4 6.4 12.8 12.8 12.8zm-192 0h22.4c6.4 0 12.8-6.4 12.8-12.8V140.8c0-6.4-6.4-12.8-12.8-12.8h-22.4c-6.4 0-12.8 6.4-12.8 12.8v198.4c0 6.4 6.4 12.8 12.8 12.8zm96 0h22.4c6.4 0 12.8-6.4 12.8-12.8V204.8c0-6.4-6.4-12.8-12.8-12.8h-22.4c-6.4 0-12.8 6.4-12.8 12.8v134.4c0 6.4 6.4 12.8 12.8 12.8zM496 400H48V80c0-8.84-7.16-16-16-16H16C7.16 64 0 71.16 0 80v336c0 17.67 14.33 32 32 32h464c8.84 0 16-7.16 16-16v-16c0-8.84-7.16-16-16-16zm-387.2-48h22.4c6.4 0 12.8-6.4 12.8-12.8v-70.4c0-6.4-6.4-12.8-12.8-12.8h-22.4c-6.4 0-12.8 6.4-12.8 12.8v70.4c0 6.4 6.4 12.8 12.8 12.8z\" class=\"\"><\/path><\/svg><\/i> <img loading=\"lazy\" decoding=\"async\" width=\"16\" height=\"16\" alt=\"Loading\" src=\"https:\/\/www.raccontinellarete.it\/301\/wp-content\/plugins\/page-views-count\/ajax-loader-2x.gif\" border=0 \/><\/p><div class=\"pvc_clear\"><\/div>","protected":false},"excerpt":{"rendered":"<p>La giuria tecnica della sezione \u201cCorti\u201d del Premio letterario Racconti nella Rete 2023 ha selezionato per la realizzazione del cortometraggio il soggetto&nbsp; dal titolo&nbsp;&nbsp;\u201cSepar\u00e8\u201d&nbsp;dell\u2019autore napoletano&nbsp;Piero Fittipaldi. \u201cSepar\u00e8\u201d nasce dall\u2019idea che nonostante i tanti mezzi a disposizione, sia sempre pi\u00f9 difficile comunicare in modo \u201creale\u201d \u2013&nbsp;dice Piero Fittipaldi, gi\u00e0 vincitore in passato della sezione racconti del [&hellip;]<\/p>\n<div class=\"pvc_clear\"><\/div>\n<p id=\"pvc_stats_52407\" class=\"pvc_stats all  \" data-element-id=\"52407\" style=\"\"><i class=\"pvc-stats-icon medium\" aria-hidden=\"true\"><svg aria-hidden=\"true\" focusable=\"false\" data-prefix=\"far\" data-icon=\"chart-bar\" role=\"img\" xmlns=\"http:\/\/www.w3.org\/2000\/svg\" viewBox=\"0 0 512 512\" class=\"svg-inline--fa fa-chart-bar fa-w-16 fa-2x\"><path fill=\"currentColor\" d=\"M396.8 352h22.4c6.4 0 12.8-6.4 12.8-12.8V108.8c0-6.4-6.4-12.8-12.8-12.8h-22.4c-6.4 0-12.8 6.4-12.8 12.8v230.4c0 6.4 6.4 12.8 12.8 12.8zm-192 0h22.4c6.4 0 12.8-6.4 12.8-12.8V140.8c0-6.4-6.4-12.8-12.8-12.8h-22.4c-6.4 0-12.8 6.4-12.8 12.8v198.4c0 6.4 6.4 12.8 12.8 12.8zm96 0h22.4c6.4 0 12.8-6.4 12.8-12.8V204.8c0-6.4-6.4-12.8-12.8-12.8h-22.4c-6.4 0-12.8 6.4-12.8 12.8v134.4c0 6.4 6.4 12.8 12.8 12.8zM496 400H48V80c0-8.84-7.16-16-16-16H16C7.16 64 0 71.16 0 80v336c0 17.67 14.33 32 32 32h464c8.84 0 16-7.16 16-16v-16c0-8.84-7.16-16-16-16zm-387.2-48h22.4c6.4 0 12.8-6.4 12.8-12.8v-70.4c0-6.4-6.4-12.8-12.8-12.8h-22.4c-6.4 0-12.8 6.4-12.8 12.8v70.4c0 6.4 6.4 12.8 12.8 12.8z\" class=\"\"><\/path><\/svg><\/i> <img loading=\"lazy\" decoding=\"async\" width=\"16\" height=\"16\" alt=\"Loading\" src=\"https:\/\/www.raccontinellarete.it\/301\/wp-content\/plugins\/page-views-count\/ajax-loader-2x.gif\" border=0 \/><\/p>\n<div class=\"pvc_clear\"><\/div>\n","protected":false},"author":3,"featured_media":0,"parent":4554,"menu_order":8,"comment_status":"closed","ping_status":"closed","template":"","meta":{"footnotes":""},"class_list":["post-52407","page","type-page","status-publish","hentry"],"_links":{"self":[{"href":"https:\/\/www.raccontinellarete.it\/index.php?rest_route=\/wp\/v2\/pages\/52407"}],"collection":[{"href":"https:\/\/www.raccontinellarete.it\/index.php?rest_route=\/wp\/v2\/pages"}],"about":[{"href":"https:\/\/www.raccontinellarete.it\/index.php?rest_route=\/wp\/v2\/types\/page"}],"author":[{"embeddable":true,"href":"https:\/\/www.raccontinellarete.it\/index.php?rest_route=\/wp\/v2\/users\/3"}],"replies":[{"embeddable":true,"href":"https:\/\/www.raccontinellarete.it\/index.php?rest_route=%2Fwp%2Fv2%2Fcomments&post=52407"}],"version-history":[{"count":2,"href":"https:\/\/www.raccontinellarete.it\/index.php?rest_route=\/wp\/v2\/pages\/52407\/revisions"}],"predecessor-version":[{"id":52410,"href":"https:\/\/www.raccontinellarete.it\/index.php?rest_route=\/wp\/v2\/pages\/52407\/revisions\/52410"}],"up":[{"embeddable":true,"href":"https:\/\/www.raccontinellarete.it\/index.php?rest_route=\/wp\/v2\/pages\/4554"}],"wp:attachment":[{"href":"https:\/\/www.raccontinellarete.it\/index.php?rest_route=%2Fwp%2Fv2%2Fmedia&parent=52407"}],"curies":[{"name":"wp","href":"https:\/\/api.w.org\/{rel}","templated":true}]}}

<p>La giuria tecnica della sezione “Corti” del Premio letterario Racconti nella Rete 2023 ha selezionato per la realizzazione del cortometraggio il soggetto&nbsp; dal titolo&nbsp;&nbsp;<strong>“Separè”&nbsp;</strong>dell’autore napoletano<strong>&nbsp;Piero Fittipaldi.</strong></p>



<p>“Separè” nasce dall’idea che nonostante i tanti mezzi a disposizione, sia sempre più difficile comunicare in modo “reale” –&nbsp;<em>dice Piero Fittipaldi, già vincitore in passato della sezione racconti del premio Racconti nella Rete</em>. “Ho voluto immaginare una piccola storia che mette in scena un paradosso trasformando una parete – oggetto nato per dividere, da cui il&nbsp; separè del titolo – &nbsp;in uno strumento che unisce, avvicina, “apre” a un nuovo linguaggio “analogico”.</p>



<p>Guido è un trentenne tranquillo e silenzioso che vive in un piccolo appartamento. Quando Marta, la nuova inquilina, va ad abitare nell’appartamento adiacente al suo, entrambi scopriranno che la sottile parete che divide i loro due appartamenti diventerà un inaspettato mezzo per comunicare nevrosi ed emozioni.</p>



<p>Il corto sarà girato a Lucca&nbsp; nel mese di settembre con la collaborazione della Scuola di Cinema Immagina di Firenze. La regia è di&nbsp;Giuseppe Ferlito.&nbsp; La proiezione in anteprima assoluta avrà luogo&nbsp;sabato 30 settembre alle 16.30 presso Villa Bottini di Lucca in occasione della 29^ edizione del Festival LuccAutori – Premio Racconti nella Rete.&nbsp;La giuria del Premio, constatando la buona qualità dei testi pervenuti,&nbsp; riserva una menzione speciale ai soggetti&nbsp; “Lella Maresca Sbisa” di Anna Rosa Perrone e “Il libro giusto” di Roberto Contini.</p>



<p>Piero Fittipaldi è un copywriter pubblicitario, scrive pubblicità da più di quindici anni, e da un po’ di tempo la insegna. “Mi occupo di progetti di comunicazione a tutto tondo, dalla carta stampata al web, dagli spot video a quelli radio” – dice Fittipladi. “Scrivo perché leggo, e leggo perché la narrativa mi ha fatto vivere mondi straordinari, a cui ogni tanto provo ad aggiungere qualcosa di mio con brevi racconti. Purtroppo non ho il tempo e la costanza per qualcosa di più lungo e corposo.&nbsp;Curiosità: sono così affezionato a Racconti nella Rete che da quando sono stato tra i vincitori come autore di racconti, cerco di entrare nell’albo d’oro anche in quello per corti. Finalmente ci sono riuscito. Ma ora l’anno prossimo a cosa partecipo?”</p>



<figure class="wp-block-image"><img loading="lazy" decoding="async" width="683" height="1024" src="https://www.raccontinellarete.it/301/wp-content/uploads/2023/07/fittipaldi-683x1024.jpg" alt="" class="wp-image-52392" srcset="https://www.raccontinellarete.it/301/wp-content/uploads/2023/07/fittipaldi-683x1024.jpg 683w, https://www.raccontinellarete.it/301/wp-content/uploads/2023/07/fittipaldi-167x250.jpg 167w, https://www.raccontinellarete.it/301/wp-content/uploads/2023/07/fittipaldi-768x1152.jpg 768w, https://www.raccontinellarete.it/301/wp-content/uploads/2023/07/fittipaldi-1024x1536.jpg 1024w, https://www.raccontinellarete.it/301/wp-content/uploads/2023/07/fittipaldi.jpg 1365w" sizes="(max-width: 683px) 100vw, 683px" /></figure>
<div class="pvc_clear"></div><p id="pvc_stats_52407" class="pvc_stats all  " data-element-id="52407" style=""><i class="pvc-stats-icon medium" aria-hidden="true"><svg aria-hidden="true" focusable="false" data-prefix="far" data-icon="chart-bar" role="img" xmlns="http://www.w3.org/2000/svg" viewBox="0 0 512 512" class="svg-inline--fa fa-chart-bar fa-w-16 fa-2x"><path fill="currentColor" d="M396.8 352h22.4c6.4 0 12.8-6.4 12.8-12.8V108.8c0-6.4-6.4-12.8-12.8-12.8h-22.4c-6.4 0-12.8 6.4-12.8 12.8v230.4c0 6.4 6.4 12.8 12.8 12.8zm-192 0h22.4c6.4 0 12.8-6.4 12.8-12.8V140.8c0-6.4-6.4-12.8-12.8-12.8h-22.4c-6.4 0-12.8 6.4-12.8 12.8v198.4c0 6.4 6.4 12.8 12.8 12.8zm96 0h22.4c6.4 0 12.8-6.4 12.8-12.8V204.8c0-6.4-6.4-12.8-12.8-12.8h-22.4c-6.4 0-12.8 6.4-12.8 12.8v134.4c0 6.4 6.4 12.8 12.8 12.8zM496 400H48V80c0-8.84-7.16-16-16-16H16C7.16 64 0 71.16 0 80v336c0 17.67 14.33 32 32 32h464c8.84 0 16-7.16 16-16v-16c0-8.84-7.16-16-16-16zm-387.2-48h22.4c6.4 0 12.8-6.4 12.8-12.8v-70.4c0-6.4-6.4-12.8-12.8-12.8h-22.4c-6.4 0-12.8 6.4-12.8 12.8v70.4c0 6.4 6.4 12.8 12.8 12.8z" class=""></path></svg></i> <img loading="lazy" decoding="async" width="16" height="16" alt="Loading" src="https://www.raccontinellarete.it/301/wp-content/plugins/page-views-count/ajax-loader-2x.gif" border=0 /></p><div class="pvc_clear"></div>

<p>La giuria tecnica della sezione “Corti” del Premio letterario Racconti nella Rete 2023 ha selezionato per la realizzazione del cortometraggio il soggetto&nbsp; dal titolo&nbsp;&nbsp;“Separè”&nbsp;dell’autore napoletano&nbsp;Piero Fittipaldi. “Separè” nasce dall’idea che nonostante i tanti mezzi a disposizione, sia sempre più difficile comunicare in modo “reale” –&nbsp;dice Piero Fittipaldi, già vincitore in passato della sezione racconti del [&hellip;]</p>
<div class="pvc_clear"></div>
<p id="pvc_stats_52407" class="pvc_stats all  " data-element-id="52407" style=""><i class="pvc-stats-icon medium" aria-hidden="true"><svg aria-hidden="true" focusable="false" data-prefix="far" data-icon="chart-bar" role="img" xmlns="http://www.w3.org/2000/svg" viewBox="0 0 512 512" class="svg-inline--fa fa-chart-bar fa-w-16 fa-2x"><path fill="currentColor" d="M396.8 352h22.4c6.4 0 12.8-6.4 12.8-12.8V108.8c0-6.4-6.4-12.8-12.8-12.8h-22.4c-6.4 0-12.8 6.4-12.8 12.8v230.4c0 6.4 6.4 12.8 12.8 12.8zm-192 0h22.4c6.4 0 12.8-6.4 12.8-12.8V140.8c0-6.4-6.4-12.8-12.8-12.8h-22.4c-6.4 0-12.8 6.4-12.8 12.8v198.4c0 6.4 6.4 12.8 12.8 12.8zm96 0h22.4c6.4 0 12.8-6.4 12.8-12.8V204.8c0-6.4-6.4-12.8-12.8-12.8h-22.4c-6.4 0-12.8 6.4-12.8 12.8v134.4c0 6.4 6.4 12.8 12.8 12.8zM496 400H48V80c0-8.84-7.16-16-16-16H16C7.16 64 0 71.16 0 80v336c0 17.67 14.33 32 32 32h464c8.84 0 16-7.16 16-16v-16c0-8.84-7.16-16-16-16zm-387.2-48h22.4c6.4 0 12.8-6.4 12.8-12.8v-70.4c0-6.4-6.4-12.8-12.8-12.8h-22.4c-6.4 0-12.8 6.4-12.8 12.8v70.4c0 6.4 6.4 12.8 12.8 12.8z" class=""></path></svg></i> <img loading="lazy" decoding="async" width="16" height="16" alt="Loading" src="https://www.raccontinellarete.it/301/wp-content/plugins/page-views-count/ajax-loader-2x.gif" border=0 /></p>
<div class="pvc_clear"></div>
