{"id":36468,"date":"2018-07-13T11:36:00","date_gmt":"2018-07-13T10:36:00","guid":{"rendered":"http:\/\/www.raccontinellarete.it\/?page_id=36468"},"modified":"2024-10-26T22:04:58","modified_gmt":"2024-10-26T21:04:58","slug":"i-vincitori-di-racconti-nella-rete-2018","status":"publish","type":"page","link":"https:\/\/www.raccontinellarete.it\/?page_id=36468","title":{"rendered":"Edizione 2018"},"content":{"rendered":"<p>La giuria tecnica della XVII edizione del premio letterario \u201cRacconti nella Rete\u201d ha selezionato i venticinque racconti che saranno inseriti nella nuova antologia del Premio edita da Castelvecchi.<\/p>\n<p>Complimenti ai vincitori e un sincero ringraziamento a tutti gli autori che hanno partecipato a questa edizione, contribuendo con la qualit\u00e0 delle loro opere a far crescere ulteriormente il nostro concorso.<\/p>\n<p>I vincitori saranno premiati a Lucca in occasione della XXIV\u00a0 edizione del festival LuccAutori in programma dal 21 settembre al 7 ottobre 2018.\u00a0 Nelle giornate del 6 e 7 ottobre, in programma a Villa Bottini, \u00a0sar\u00e0 presentata in anteprima la nuova antologia contenente i racconti selezionati.<\/p>\n<p><strong>RACCONTI NELLA RETE 2018 \u2013 XVII EDIZIONE<\/strong><\/p>\n<p><strong>VINCITORE DEL PREMIO RACCONTI PER CORTI 2018\u00a0<\/strong>\u00e8 risultata<strong>\u00a0 Donatella Mascia\u00a0<\/strong>(Genova) con il soggetto<strong>\u00a0 \u201cPeccato capitale\u201d.\u00a0\u00a0<\/strong>Il cortometraggio, che verr\u00e0 realizzato a Lucca dalla Scuola di Cinema Immagina diretta da Giuseppe Ferlito,\u00a0 sar\u00e0 presentato in anteprima assoluta sabato 6 ottobre a Villa Bottini.<\/p>\n<p><strong>I 25 RACCONTI VINCITORI (autori in ordine alfabetico)<\/strong><\/p>\n<p>Alberto Alassio \u201cL\u2019asparago\u201d\u00a0\u00a0 Torino<\/p>\n<p>Ester Arena\u00a0 \u201cVerme\u201d\u00a0 Roma<\/p>\n<p>Federica Baggio\u00a0\u00a0 \u201cLa libreria del cuore\u201d\u00a0\u00a0 Berlino<\/p>\n<p>Mariangela Casulli\u00a0\u00a0 \u201cIl viaggio\u201d\u00a0\u00a0 Bologna<\/p>\n<p>Marta Cer\u00f9\u00a0 \u201cQuanto basta per essere felici\u201d\u00a0 Citt\u00e0 di Castello<\/p>\n<p>Manuel Chiocca\u00a0 \u201cIl feretro e l\u2019acqua fresca\u201d\u00a0 Lucca<\/p>\n<p>Elisa De Leonardis\u00a0 \u201cIl diapason\u201d\u00a0 Pescara<\/p>\n<p>Federico Fabbri\u00a0\u00a0 \u201cUna storia semplice\u201d\u00a0 Firenze<\/p>\n<p>Laura Ferloni\u00a0\u00a0 \u201cLa francese che tatuava i gatti\u201d\u00a0\u00a0 Como<\/p>\n<p>Massimiliano Ferraris di Celle\u00a0\u00a0 \u201cLa lista\u201d\u00a0\u00a0\u00a0 Roma<\/p>\n<p>Marco Floridia\u00a0 \u201cIo li odio i treni\u201d Roma<\/p>\n<p>Marianna Guida\u00a0 \u201cPrima degli esami\u201d\u00a0\u00a0 Napoli<\/p>\n<p>Gianni Luca Iaccarino\u00a0 \u201cLa finestra sul cortile\u201d\u00a0 Napoli<\/p>\n<p>Giorgio Leone\u00a0 \u201c Camogli\u201d Bormio<\/p>\n<p>Ivana Librici\u00a0 \u201cLa ragazza nella bottiglia\u201d (sezione racconti per bambini)\u00a0\u00a0 Genova<\/p>\n<p>Lucia Masetti\u00a0 \u201cL\u2019ingegnere e la signorina\u201d\u00a0 Varese<\/p>\n<p>Marco Mastroleo\u00a0 \u201cCirce\u201d\u00a0 Latina<\/p>\n<p>Claudia Mereu\u00a0 \u201cLa volta buona\u201d\u00a0\u00a0 Roma\u00a0\u00a0<strong>(premio Budu\u00e0r)<\/strong><\/p>\n<p>Danilo Nucci\u00a0 \u201cPiano T\u201d\u00a0\u00a0\u00a0 Firenze<\/p>\n<p>Allyson\u00a0 Obber\u00a0 \u201cL\u2019uomo dal nome noioso\u201d\u00a0 Treviso<\/p>\n<p>Valeria Pisi\u00a0 \u201c Il ladro di Grammatica\u201d\u00a0 (sezione racconti per bambini)\u00a0\u00a0 Reggio Emilia<\/p>\n<p>Rita Poggioli \u201cBernardo e il bambino del faro\u201d\u00a0 (sezione racconti per bambini)\u00a0\u00a0 Portoferraio LI<\/p>\n<p>Gaspare Scim\u00f2\u00a0 \u201cLa pasta\u201d\u00a0\u00a0 Palermo<\/p>\n<p>Eleonora Selvi\u00a0 \u201cLa santa\u201d\u00a0\u00a0 Roma<\/p>\n<p>Marco Stanzani\u00a0 \u201cN\u00e9 gioia n\u00e9 dolore n\u00e9 odio n\u00e9 amore\u201d\u00a0 Bologna<\/p>\n<p>&nbsp;<\/p>\n<div class=\"pvc_clear\"><\/div>\n<p id=\"pvc_stats_36468\" class=\"pvc_stats all  \" data-element-id=\"36468\" style=\"\"><i class=\"pvc-stats-icon medium\" aria-hidden=\"true\"><svg aria-hidden=\"true\" focusable=\"false\" data-prefix=\"far\" data-icon=\"chart-bar\" role=\"img\" xmlns=\"http:\/\/www.w3.org\/2000\/svg\" viewBox=\"0 0 512 512\" class=\"svg-inline--fa fa-chart-bar fa-w-16 fa-2x\"><path fill=\"currentColor\" d=\"M396.8 352h22.4c6.4 0 12.8-6.4 12.8-12.8V108.8c0-6.4-6.4-12.8-12.8-12.8h-22.4c-6.4 0-12.8 6.4-12.8 12.8v230.4c0 6.4 6.4 12.8 12.8 12.8zm-192 0h22.4c6.4 0 12.8-6.4 12.8-12.8V140.8c0-6.4-6.4-12.8-12.8-12.8h-22.4c-6.4 0-12.8 6.4-12.8 12.8v198.4c0 6.4 6.4 12.8 12.8 12.8zm96 0h22.4c6.4 0 12.8-6.4 12.8-12.8V204.8c0-6.4-6.4-12.8-12.8-12.8h-22.4c-6.4 0-12.8 6.4-12.8 12.8v134.4c0 6.4 6.4 12.8 12.8 12.8zM496 400H48V80c0-8.84-7.16-16-16-16H16C7.16 64 0 71.16 0 80v336c0 17.67 14.33 32 32 32h464c8.84 0 16-7.16 16-16v-16c0-8.84-7.16-16-16-16zm-387.2-48h22.4c6.4 0 12.8-6.4 12.8-12.8v-70.4c0-6.4-6.4-12.8-12.8-12.8h-22.4c-6.4 0-12.8 6.4-12.8 12.8v70.4c0 6.4 6.4 12.8 12.8 12.8z\" class=\"\"><\/path><\/svg><\/i> <img loading=\"lazy\" decoding=\"async\" width=\"16\" height=\"16\" alt=\"Loading\" src=\"https:\/\/www.raccontinellarete.it\/301\/wp-content\/plugins\/page-views-count\/ajax-loader-2x.gif\" border=0 \/><\/p>\n<div class=\"pvc_clear\"><\/div>\n","protected":false},"excerpt":{"rendered":"<p>La giuria tecnica della XVII edizione del premio letterario \u201cRacconti nella Rete\u201d ha selezionato i venticinque racconti che saranno inseriti nella nuova antologia del Premio edita da Castelvecchi. Complimenti ai vincitori e un sincero ringraziamento a tutti gli autori che hanno partecipato a questa edizione, contribuendo con la qualit\u00e0 delle loro opere a far crescere [&hellip;]<\/p>\n<div class=\"pvc_clear\"><\/div>\n<p id=\"pvc_stats_36468\" class=\"pvc_stats all  \" data-element-id=\"36468\" style=\"\"><i class=\"pvc-stats-icon medium\" aria-hidden=\"true\"><svg aria-hidden=\"true\" focusable=\"false\" data-prefix=\"far\" data-icon=\"chart-bar\" role=\"img\" xmlns=\"http:\/\/www.w3.org\/2000\/svg\" viewBox=\"0 0 512 512\" class=\"svg-inline--fa fa-chart-bar fa-w-16 fa-2x\"><path fill=\"currentColor\" d=\"M396.8 352h22.4c6.4 0 12.8-6.4 12.8-12.8V108.8c0-6.4-6.4-12.8-12.8-12.8h-22.4c-6.4 0-12.8 6.4-12.8 12.8v230.4c0 6.4 6.4 12.8 12.8 12.8zm-192 0h22.4c6.4 0 12.8-6.4 12.8-12.8V140.8c0-6.4-6.4-12.8-12.8-12.8h-22.4c-6.4 0-12.8 6.4-12.8 12.8v198.4c0 6.4 6.4 12.8 12.8 12.8zm96 0h22.4c6.4 0 12.8-6.4 12.8-12.8V204.8c0-6.4-6.4-12.8-12.8-12.8h-22.4c-6.4 0-12.8 6.4-12.8 12.8v134.4c0 6.4 6.4 12.8 12.8 12.8zM496 400H48V80c0-8.84-7.16-16-16-16H16C7.16 64 0 71.16 0 80v336c0 17.67 14.33 32 32 32h464c8.84 0 16-7.16 16-16v-16c0-8.84-7.16-16-16-16zm-387.2-48h22.4c6.4 0 12.8-6.4 12.8-12.8v-70.4c0-6.4-6.4-12.8-12.8-12.8h-22.4c-6.4 0-12.8 6.4-12.8 12.8v70.4c0 6.4 6.4 12.8 12.8 12.8z\" class=\"\"><\/path><\/svg><\/i> <img loading=\"lazy\" decoding=\"async\" width=\"16\" height=\"16\" alt=\"Loading\" src=\"https:\/\/www.raccontinellarete.it\/301\/wp-content\/plugins\/page-views-count\/ajax-loader-2x.gif\" border=0 \/><\/p>\n<div class=\"pvc_clear\"><\/div>\n","protected":false},"author":3,"featured_media":0,"parent":76,"menu_order":84,"comment_status":"closed","ping_status":"closed","template":"","meta":{"footnotes":""},"class_list":["post-36468","page","type-page","status-publish","hentry"],"_links":{"self":[{"href":"https:\/\/www.raccontinellarete.it\/index.php?rest_route=\/wp\/v2\/pages\/36468"}],"collection":[{"href":"https:\/\/www.raccontinellarete.it\/index.php?rest_route=\/wp\/v2\/pages"}],"about":[{"href":"https:\/\/www.raccontinellarete.it\/index.php?rest_route=\/wp\/v2\/types\/page"}],"author":[{"embeddable":true,"href":"https:\/\/www.raccontinellarete.it\/index.php?rest_route=\/wp\/v2\/users\/3"}],"replies":[{"embeddable":true,"href":"https:\/\/www.raccontinellarete.it\/index.php?rest_route=%2Fwp%2Fv2%2Fcomments&post=36468"}],"version-history":[{"count":3,"href":"https:\/\/www.raccontinellarete.it\/index.php?rest_route=\/wp\/v2\/pages\/36468\/revisions"}],"predecessor-version":[{"id":39575,"href":"https:\/\/www.raccontinellarete.it\/index.php?rest_route=\/wp\/v2\/pages\/36468\/revisions\/39575"}],"up":[{"embeddable":true,"href":"https:\/\/www.raccontinellarete.it\/index.php?rest_route=\/wp\/v2\/pages\/76"}],"wp:attachment":[{"href":"https:\/\/www.raccontinellarete.it\/index.php?rest_route=%2Fwp%2Fv2%2Fmedia&parent=36468"}],"curies":[{"name":"wp","href":"https:\/\/api.w.org\/{rel}","templated":true}]}}

<p>La giuria tecnica della XVII edizione del premio letterario “Racconti nella Rete” ha selezionato i venticinque racconti che saranno inseriti nella nuova antologia del Premio edita da Castelvecchi.</p>
<p>Complimenti ai vincitori e un sincero ringraziamento a tutti gli autori che hanno partecipato a questa edizione, contribuendo con la qualità delle loro opere a far crescere ulteriormente il nostro concorso.</p>
<p>I vincitori saranno premiati a Lucca in occasione della XXIV  edizione del festival LuccAutori in programma dal 21 settembre al 7 ottobre 2018.  Nelle giornate del 6 e 7 ottobre, in programma a Villa Bottini,  sarà presentata in anteprima la nuova antologia contenente i racconti selezionati.</p>
<p><strong>RACCONTI NELLA RETE 2018 – XVII EDIZIONE</strong></p>
<p><strong>VINCITORE DEL PREMIO RACCONTI PER CORTI 2018 </strong>è risultata<strong>  Donatella Mascia </strong>(Genova) con il soggetto<strong>  “Peccato capitale”.  </strong>Il cortometraggio, che verrà realizzato a Lucca dalla Scuola di Cinema Immagina diretta da Giuseppe Ferlito,  sarà presentato in anteprima assoluta sabato 6 ottobre a Villa Bottini.</p>
<p><strong>I 25 RACCONTI VINCITORI (autori in ordine alfabetico)</strong></p>
<p>Alberto Alassio “L’asparago”   Torino</p>
<p>Ester Arena  “Verme”  Roma</p>
<p>Federica Baggio   “La libreria del cuore”   Berlino</p>
<p>Mariangela Casulli   “Il viaggio”   Bologna</p>
<p>Marta Cerù  “Quanto basta per essere felici”  Città di Castello</p>
<p>Manuel Chiocca  “Il feretro e l’acqua fresca”  Lucca</p>
<p>Elisa De Leonardis  “Il diapason”  Pescara</p>
<p>Federico Fabbri   “Una storia semplice”  Firenze</p>
<p>Laura Ferloni   “La francese che tatuava i gatti”   Como</p>
<p>Massimiliano Ferraris di Celle   “La lista”    Roma</p>
<p>Marco Floridia  “Io li odio i treni” Roma</p>
<p>Marianna Guida  “Prima degli esami”   Napoli</p>
<p>Gianni Luca Iaccarino  “La finestra sul cortile”  Napoli</p>
<p>Giorgio Leone  “ Camogli” Bormio</p>
<p>Ivana Librici  “La ragazza nella bottiglia” (sezione racconti per bambini)   Genova</p>
<p>Lucia Masetti  “L’ingegnere e la signorina”  Varese</p>
<p>Marco Mastroleo  “Circe”  Latina</p>
<p>Claudia Mereu  “La volta buona”   Roma  <strong>(premio Buduàr)</strong></p>
<p>Danilo Nucci  “Piano T”    Firenze</p>
<p>Allyson  Obber  “L’uomo dal nome noioso”  Treviso</p>
<p>Valeria Pisi  “ Il ladro di Grammatica”  (sezione racconti per bambini)   Reggio Emilia</p>
<p>Rita Poggioli “Bernardo e il bambino del faro”  (sezione racconti per bambini)   Portoferraio LI</p>
<p>Gaspare Scimò  “La pasta”   Palermo</p>
<p>Eleonora Selvi  “La santa”   Roma</p>
<p>Marco Stanzani  “Né gioia né dolore né odio né amore”  Bologna</p>
<p>&nbsp;</p>
<div class="pvc_clear"></div>
<p id="pvc_stats_36468" class="pvc_stats all  " data-element-id="36468" style=""><i class="pvc-stats-icon medium" aria-hidden="true"><svg aria-hidden="true" focusable="false" data-prefix="far" data-icon="chart-bar" role="img" xmlns="http://www.w3.org/2000/svg" viewBox="0 0 512 512" class="svg-inline--fa fa-chart-bar fa-w-16 fa-2x"><path fill="currentColor" d="M396.8 352h22.4c6.4 0 12.8-6.4 12.8-12.8V108.8c0-6.4-6.4-12.8-12.8-12.8h-22.4c-6.4 0-12.8 6.4-12.8 12.8v230.4c0 6.4 6.4 12.8 12.8 12.8zm-192 0h22.4c6.4 0 12.8-6.4 12.8-12.8V140.8c0-6.4-6.4-12.8-12.8-12.8h-22.4c-6.4 0-12.8 6.4-12.8 12.8v198.4c0 6.4 6.4 12.8 12.8 12.8zm96 0h22.4c6.4 0 12.8-6.4 12.8-12.8V204.8c0-6.4-6.4-12.8-12.8-12.8h-22.4c-6.4 0-12.8 6.4-12.8 12.8v134.4c0 6.4 6.4 12.8 12.8 12.8zM496 400H48V80c0-8.84-7.16-16-16-16H16C7.16 64 0 71.16 0 80v336c0 17.67 14.33 32 32 32h464c8.84 0 16-7.16 16-16v-16c0-8.84-7.16-16-16-16zm-387.2-48h22.4c6.4 0 12.8-6.4 12.8-12.8v-70.4c0-6.4-6.4-12.8-12.8-12.8h-22.4c-6.4 0-12.8 6.4-12.8 12.8v70.4c0 6.4 6.4 12.8 12.8 12.8z" class=""></path></svg></i> <img loading="lazy" decoding="async" width="16" height="16" alt="Loading" src="https://www.raccontinellarete.it/301/wp-content/plugins/page-views-count/ajax-loader-2x.gif" border=0 /></p>
<div class="pvc_clear"></div>

<p>La giuria tecnica della XVII edizione del premio letterario “Racconti nella Rete” ha selezionato i venticinque racconti che saranno inseriti nella nuova antologia del Premio edita da Castelvecchi. Complimenti ai vincitori e un sincero ringraziamento a tutti gli autori che hanno partecipato a questa edizione, contribuendo con la qualità delle loro opere a far crescere [&hellip;]</p>
<div class="pvc_clear"></div>
<p id="pvc_stats_36468" class="pvc_stats all  " data-element-id="36468" style=""><i class="pvc-stats-icon medium" aria-hidden="true"><svg aria-hidden="true" focusable="false" data-prefix="far" data-icon="chart-bar" role="img" xmlns="http://www.w3.org/2000/svg" viewBox="0 0 512 512" class="svg-inline--fa fa-chart-bar fa-w-16 fa-2x"><path fill="currentColor" d="M396.8 352h22.4c6.4 0 12.8-6.4 12.8-12.8V108.8c0-6.4-6.4-12.8-12.8-12.8h-22.4c-6.4 0-12.8 6.4-12.8 12.8v230.4c0 6.4 6.4 12.8 12.8 12.8zm-192 0h22.4c6.4 0 12.8-6.4 12.8-12.8V140.8c0-6.4-6.4-12.8-12.8-12.8h-22.4c-6.4 0-12.8 6.4-12.8 12.8v198.4c0 6.4 6.4 12.8 12.8 12.8zm96 0h22.4c6.4 0 12.8-6.4 12.8-12.8V204.8c0-6.4-6.4-12.8-12.8-12.8h-22.4c-6.4 0-12.8 6.4-12.8 12.8v134.4c0 6.4 6.4 12.8 12.8 12.8zM496 400H48V80c0-8.84-7.16-16-16-16H16C7.16 64 0 71.16 0 80v336c0 17.67 14.33 32 32 32h464c8.84 0 16-7.16 16-16v-16c0-8.84-7.16-16-16-16zm-387.2-48h22.4c6.4 0 12.8-6.4 12.8-12.8v-70.4c0-6.4-6.4-12.8-12.8-12.8h-22.4c-6.4 0-12.8 6.4-12.8 12.8v70.4c0 6.4 6.4 12.8 12.8 12.8z" class=""></path></svg></i> <img loading="lazy" decoding="async" width="16" height="16" alt="Loading" src="https://www.raccontinellarete.it/301/wp-content/plugins/page-views-count/ajax-loader-2x.gif" border=0 /></p>
<div class="pvc_clear"></div>
