{"id":335,"date":"2008-12-19T11:18:18","date_gmt":"2008-12-19T10:18:18","guid":{"rendered":"http:\/\/www.raccontinellarete.it\/?page_id=335"},"modified":"2024-10-26T19:48:42","modified_gmt":"2024-10-26T18:48:42","slug":"scuola-holden","status":"publish","type":"page","link":"https:\/\/www.raccontinellarete.it\/?page_id=335","title":{"rendered":"Scuola Holden &#8211; News"},"content":{"rendered":"<p style=\"text-align: justify;\"><strong>FONDAMENTA <\/strong><\/p>\n<p style=\"text-align: justify;\"><strong>I mestieri della cultura nell\u2019epoca della rivoluzione digitale Masterclass di alta formazione\u00a0\u00a0<\/strong><\/p>\n<p style=\"text-align: justify;\">Jeanne Bordeau Branding e comunicazione d\u2019impresa, quali frontiere? \u00a0 \u00a0 Quali sono le parole giuste per un prodotto? E per un\u2019impresa?\u00a0 Come\u00a0 si\u00a0 fa\u00a0 a\u00a0 impostare\u00a0 la comunicazione di un\u2019impresa o di un\u2019organizzazione di modo che siano coerenti con l\u2019immagine dell\u2019impresa stessa?<\/p>\n<p style=\"text-align: justify;\">Jeanne Bordeau \u00e8 fondatrice l\u2019Institut de la Qualit\u00e9 de l\u2019Expression e di PressPublica, agenzia cui si rivolgono ogni anno le maggiori aziende e organizzazioni francesi per una consulenza sul linguaggio da usare per raggiungere consumatori, clienti, utenti. Esperta di comunicazione aziendale e docente alla Sorbona a Parigi Jeanne Bordeau ci parler\u00e0 della creazione del linguaggio di un brand, ovvero di come scegliere le parole giuste per un prodotto e dell\u2019importanza della coerenza linguistica nelle imprese.\u00a0 \u00a0 In un workshop dedicato a pochi partecipanti, attraverso l\u2019analisi di casi concreti di alcune aziende e delle loro strategie comunicative Jeanne Bordeau ci conduce fino alle frontiere del branding e della comunicazione d\u2019impresa.<\/p>\n<p style=\"text-align: justify;\">Rivolto a giornalisti, copywriter, responsabili di comunicazione d\u2019impresa, e a chiunque si occupi di comunicazione pubblica e privata, il weekend intensivo Fondamenta Masterclass di Scuola Holden vi aiuta a riflettere sulle parole, a sceglierle, e a renderle efficaci.<\/p>\n<p style=\"text-align: justify;\">Branding e comunicazione d\u2019impresa, quali frontiere? Contenuti didattici &#8211;\u00a0 Analisi della coerenza linguistica nelle imprese (dal management alla pubblicit\u00e0). &#8211;\u00a0 Analisi linguistica (come riconoscere le tipologie di parole). &#8211;\u00a0 Creazione del linguaggio di un brand (come usare le parole giuste per un prodotto).<\/p>\n<p style=\"text-align: justify;\">Jeanne Bordeau ha fondato e dirige una scuola di stile del linguaggio, l\u2019Institut de la Qualit\u00e9 de l\u2019Expression e un\u2019agenzia di comunicazione istituzionale, Press\u2019Publica. Ogni anno 20 grandi aziende si rivolgono all\u2019Istituto per creare o intervenire sulle loro strategie comunicative. Jeanne Bordeau cura anche la trasmissione \u201cL\u2019oreille aux aguets\u201d della Radio dell\u2019Acad\u00e9mie Fran\u00e7aise, in cui esplora le tendenze del linguaggio.<\/p>\n<p style=\"text-align: justify;\">Il suo blog lo trovate qui: <a href=\"http:\/\/blog.institut-expression.com\">http:\/\/blog.institut-expression.com<\/a>.<\/p>\n<p style=\"text-align: justify;\"><strong>Il progetto<\/strong><\/p>\n<p style=\"text-align: justify;\">La Scuola Holden di Torino inaugura un ciclo inedito di incontri dedicati a modi, idee e tecniche per investire sulle competenze culturali in questa fase di profondo rinnovamento.\u00a0 Ogni\u00a0 momento\u00a0 di\u00a0 crisi\u00a0 economica\u00a0 porta\u00a0 con s\u00e9 nuove\u00a0 opportunit\u00e0\u00a0 a\u00a0 chi\u00a0 \u00e8\u00a0 in\u00a0 grado\u00a0 di\u00a0 coglierle,\u00a0 e sono\u00a0 i\u00a0 creativi\u00a0 culturali\u00a0 ad\u00a0 essere\u00a0 i\u00a0 primi\u00a0 interpreti\u00a0 di\u00a0 un\u00a0 mondo\u00a0 che\u00a0 cambia.\u00a0 Le\u00a0 masterclass\u00a0 della scuola Holden vogliono mettervi a diretto contatto con le storie di successo di chi in questa fase di cambiamento ha saputo osare.<\/p>\n<p style=\"text-align: justify;\"><strong>Dove e come<\/strong><\/p>\n<p style=\"text-align: justify;\">Le lezioni si tengono presso la sede della Scuola a Torino, il sabato dalle 10 alle 18.30 e la domenica dalle\u00a0 10\u00a0 alle\u00a0 13.\u00a0 Ogni\u00a0 masterclass\u00a0 \u00e8\u00a0 a\u00a0 numero\u00a0 chiuso\u00a0 ed\u00a0 \u00e8\u00a0 destinato\u00a0 a\u00a0 persone\u00a0 che\u00a0 gi\u00e0 operano o che nutrono un particolare interesse nel settore specifico di riferimento. Le lezioni si terranno a seconda degli ospiti in inglese o italiano. \u00a0 Costi 450 euro iva inclusa. \u00c8 incluso anche il pranzo di sabato.<\/p>\n<p style=\"text-align: justify;\">Tutti gli ex-allievi Holden hanno diritto ad uno sconto del 5% sul costo di iscrizione.\u00a0\u00a0\u00a0\u00a0\u00a0\u00a0Per informazioni e iscrizioni:\u00a0 Scuola Holden Corso Dante 118 10126 Torino <a href=\"http:\/\/www.scuolaholden.it\">www.scuolaholden.it<\/a> <a href=\"mailto:info@scuolaholden.it\">info@scuolaholden.it<\/a> tel. 011 6632812 Iscrivendosi\u00a0 alla\u00a0 newsletter\u00a0 della\u00a0 Scuola\u00a0 Holden,\u00a0 dalla\u00a0 home\u00a0 page\u00a0 del\u00a0 sito,\u00a0 \u00e8\u00a0 possibile\u00a0 ricevere aggiornamenti e informazioni su progetti, corsi e novit\u00e0.<\/p>\n<p style=\"text-align: justify;\">Ufficio stampa Masterclass &#8211; Fondamenta Marianna Albini <a href=\"mailto:marianna.albini@co.scuolaholden.it\">marianna.albini@co.scuolaholden.it<\/a> tel. 334 8826902<\/p>\n<p style=\"text-align: justify;\"><strong>FONDAMENTA <\/strong><\/p>\n<p style=\"text-align: justify;\"><strong>I mestieri della cultura nell\u2019epoca della rivoluzione digitale Masterclass di alta formazione<\/strong><\/p>\n<p style=\"text-align: justify;\">La Scuola Holden di Torino inaugura un ciclo inedito di incontri dedicati a modi, idee e tecniche per investire sulle competenze culturali in questa fase di profondo rinnovamento. Ogni momento di crisi economica porta con s\u00e9 nuove opportunit\u00e0 a chi \u00e8 in grado di coglierle, e sono i creativi culturali ad essere i primi interpreti di un mondo che cambia.<\/p>\n<p style=\"text-align: justify;\">Le masterclass della scuola Holden vogliono mettervi a diretto contatto con le storie di successo di chi in questa fase di cambiamento ha saputo osare. Cosa ci siamo inventati Ogni masterclass sar\u00e0 una full immersion con un protagonista dei mestieri della cultura: avremo come docenti professionisti di editoria, comunicazione d\u2019impresa, programmazione culturale, arti visive, cinema, festival artistici ed eventi. A chi ci rivolgiamo Ognuno dei weekend di formazione sar\u00e0 rivolto a chi gi\u00e0 opera &#8211; o vorrebbe entrare a far parte &#8211; di quel determinato settore. Saranno incontri pensati per permettere ai partecipanti di acquisire il maggior numero di informazioni tecniche e pratiche da tradurre in strumenti per il lavoro quotidiano, e per offrire allo stesso tempo una panoramica sulle possibilit\u00e0 e le prospettive professionali. Docenti di alto profilo Abbiamo scelto come docenti professionisti che ricoprono un ruolo di assoluto market leader nel loro settore.<\/p>\n<p style=\"text-align: justify;\">La prima masterclass sar\u00e0 tenuta da Jeanne Bordeau, esperta di comunicazione aziendale e docente alla Sorbona a Parigi, che a marzo ci parler\u00e0 della creazione del linguaggio di un brand, ovvero di come usare le parole giuste per un prodotto e dell\u2019importanza della coerenza linguistica nelle imprese. A maggio faremo una full immersion con John Freeman, editor di Granta, che ci racconter\u00e0 cosa significa dirigere una rivista letteraria. A giugno sar\u00e0 il turno di Bill Clegg che ci parler\u00e0 del ruolo delle agenzie letterarie a livello internazionale e dell\u2019alchimia che si crea tra agente e scrittore a partire dalla sua insolita storia personale. Unendo consigli pratici, informazioni tecniche e momenti pi\u00f9 informali \u2013 il numero dei partecipanti \u00e8 ristretto e i docenti sono con noi per l\u2019intero weekend, incluso un pranzo comunitario \u2013 queste masterclass sono il modo ideale per aprire nuove prospettive professionali.<\/p>\n<p style=\"text-align: justify;\"><strong>Dove e come<\/strong><\/p>\n<p style=\"text-align: justify;\">Le lezioni si tengono presso la sede della Scuola a Torino, il sabato dalle 10 alle 18.30 e la domenica dalle 10 alle 13. Ogni masterclass \u00e8 a numero chiuso ed \u00e8 destinato a persone che gi\u00e0 operano o che nutrono un particolare interesse nel settore specifico di riferimento. Le lezioni si terranno a seconda degli ospiti in inglese o italiano. Per riassumere: date e relatori Sabato 17 &#8211; domenica 18 marzo: Jeanne Bordeau Branding e comunicazione d\u2019impresa, quali frontiere? Contenuti didattici &#8211; Analisi della coerenza linguistica nelle imprese (dal management alla pubblicit\u00e0). &#8211; Analisi linguistica (come riconoscere le tipologie di parole). &#8211; Creazione del linguaggio di un brand (come usare le parole giuste per un prodotto).<\/p>\n<p style=\"text-align: justify;\"><strong>Sabato 5 &#8211; domenica 6 maggio<\/strong>: John Freeman Come nasce una rivista letteraria. \/ Manifesto for a Slow Communication Movement Contenuti didattici &#8211; Qual \u00e8 il ruolo culturale e quale la linea editoriale di una la rivista letteraria? Strategie e posizionamento. &#8211; Come sfruttare le potenzialit\u00e0 delle nuove tecnologie nei mezzi di comunicazione in maniera efficiente, senza che queste stravolgano le nostre priorit\u00e0 lavorative. &#8211; La rivista come piattaforma di interazione e dibattito vs. la rivista come contenuto top down: cosa comporta la scelta di una di queste due strategie.<\/p>\n<p style=\"text-align: justify;\"><strong>Giugno<\/strong>: Bill Clegg (date e programma in via di definizione) Come cambiano i libri nel mondo digitale Contenuti didattici &#8211; L&#8217;oggetto libro e i nuovi media &#8211; Il concetto di copyright e il modello di distribuzione &#8211; Nuovi attori nell&#8217;editoria. &#8211; Diritti territoriali e linguistici, quali frontiere? Costi 450 euro iva inclusa per ogni weekend. \u00c8 incluso anche il pranzo di sabato. Tutti gli ex-allievi Holden hanno diritto ad uno sconto del 5% sul costo di iscrizione.<\/p>\n<p style=\"text-align: justify;\">Per informazioni e iscrizioni: Scuola Holden Corso Dante 118 10126 Torino <a href=\"http:\/\/www.scuolaholden.it\">www.scuolaholden.it<\/a> <a href=\"mailto:info@scuolaholden.it\">info@scuolaholden.it<\/a> tel. 011 6632812 Iscrivendosi alla newsletter della Scuola Holden, dalla home page del sito, \u00e8 possibile ricevere aggiornamenti e informazioni su progetti, corsi e novit\u00e0.<\/p>\n<p style=\"text-align: justify;\">Ufficio stampa Masterclass &#8211; Fondamenta Marianna Albini <a href=\"mailto:marianna.albini@co.scuolaholden.it\">marianna.albini@co.scuolaholden.it<\/a> tel. 334 8826902<\/p>\n<div class=\"pvc_clear\"><\/div>\n<p id=\"pvc_stats_335\" class=\"pvc_stats all  \" data-element-id=\"335\" style=\"\"><i class=\"pvc-stats-icon medium\" aria-hidden=\"true\"><svg aria-hidden=\"true\" focusable=\"false\" data-prefix=\"far\" data-icon=\"chart-bar\" role=\"img\" xmlns=\"http:\/\/www.w3.org\/2000\/svg\" viewBox=\"0 0 512 512\" class=\"svg-inline--fa fa-chart-bar fa-w-16 fa-2x\"><path fill=\"currentColor\" d=\"M396.8 352h22.4c6.4 0 12.8-6.4 12.8-12.8V108.8c0-6.4-6.4-12.8-12.8-12.8h-22.4c-6.4 0-12.8 6.4-12.8 12.8v230.4c0 6.4 6.4 12.8 12.8 12.8zm-192 0h22.4c6.4 0 12.8-6.4 12.8-12.8V140.8c0-6.4-6.4-12.8-12.8-12.8h-22.4c-6.4 0-12.8 6.4-12.8 12.8v198.4c0 6.4 6.4 12.8 12.8 12.8zm96 0h22.4c6.4 0 12.8-6.4 12.8-12.8V204.8c0-6.4-6.4-12.8-12.8-12.8h-22.4c-6.4 0-12.8 6.4-12.8 12.8v134.4c0 6.4 6.4 12.8 12.8 12.8zM496 400H48V80c0-8.84-7.16-16-16-16H16C7.16 64 0 71.16 0 80v336c0 17.67 14.33 32 32 32h464c8.84 0 16-7.16 16-16v-16c0-8.84-7.16-16-16-16zm-387.2-48h22.4c6.4 0 12.8-6.4 12.8-12.8v-70.4c0-6.4-6.4-12.8-12.8-12.8h-22.4c-6.4 0-12.8 6.4-12.8 12.8v70.4c0 6.4 6.4 12.8 12.8 12.8z\" class=\"\"><\/path><\/svg><\/i> <img loading=\"lazy\" decoding=\"async\" width=\"16\" height=\"16\" alt=\"Loading\" src=\"https:\/\/www.raccontinellarete.it\/301\/wp-content\/plugins\/page-views-count\/ajax-loader-2x.gif\" border=0 \/><\/p>\n<div class=\"pvc_clear\"><\/div>\n","protected":false},"excerpt":{"rendered":"<p>FONDAMENTA I mestieri della cultura nell\u2019epoca della rivoluzione digitale Masterclass di alta formazione\u00a0\u00a0 Jeanne Bordeau Branding e comunicazione d\u2019impresa, quali frontiere? \u00a0 \u00a0 Quali sono le parole giuste per un prodotto? E per un\u2019impresa?\u00a0 Come\u00a0 si\u00a0 fa\u00a0 a\u00a0 impostare\u00a0 la comunicazione di un\u2019impresa o di un\u2019organizzazione di modo che siano coerenti con l\u2019immagine dell\u2019impresa stessa? [&hellip;]<\/p>\n<div class=\"pvc_clear\"><\/div>\n<p id=\"pvc_stats_335\" class=\"pvc_stats all  \" data-element-id=\"335\" style=\"\"><i class=\"pvc-stats-icon medium\" aria-hidden=\"true\"><svg aria-hidden=\"true\" focusable=\"false\" data-prefix=\"far\" data-icon=\"chart-bar\" role=\"img\" xmlns=\"http:\/\/www.w3.org\/2000\/svg\" viewBox=\"0 0 512 512\" class=\"svg-inline--fa fa-chart-bar fa-w-16 fa-2x\"><path fill=\"currentColor\" d=\"M396.8 352h22.4c6.4 0 12.8-6.4 12.8-12.8V108.8c0-6.4-6.4-12.8-12.8-12.8h-22.4c-6.4 0-12.8 6.4-12.8 12.8v230.4c0 6.4 6.4 12.8 12.8 12.8zm-192 0h22.4c6.4 0 12.8-6.4 12.8-12.8V140.8c0-6.4-6.4-12.8-12.8-12.8h-22.4c-6.4 0-12.8 6.4-12.8 12.8v198.4c0 6.4 6.4 12.8 12.8 12.8zm96 0h22.4c6.4 0 12.8-6.4 12.8-12.8V204.8c0-6.4-6.4-12.8-12.8-12.8h-22.4c-6.4 0-12.8 6.4-12.8 12.8v134.4c0 6.4 6.4 12.8 12.8 12.8zM496 400H48V80c0-8.84-7.16-16-16-16H16C7.16 64 0 71.16 0 80v336c0 17.67 14.33 32 32 32h464c8.84 0 16-7.16 16-16v-16c0-8.84-7.16-16-16-16zm-387.2-48h22.4c6.4 0 12.8-6.4 12.8-12.8v-70.4c0-6.4-6.4-12.8-12.8-12.8h-22.4c-6.4 0-12.8 6.4-12.8 12.8v70.4c0 6.4 6.4 12.8 12.8 12.8z\" class=\"\"><\/path><\/svg><\/i> <img loading=\"lazy\" decoding=\"async\" width=\"16\" height=\"16\" alt=\"Loading\" src=\"https:\/\/www.raccontinellarete.it\/301\/wp-content\/plugins\/page-views-count\/ajax-loader-2x.gif\" border=0 \/><\/p>\n<div class=\"pvc_clear\"><\/div>\n","protected":false},"author":3,"featured_media":0,"parent":55388,"menu_order":6,"comment_status":"open","ping_status":"closed","template":"","meta":{"footnotes":""},"class_list":["post-335","page","type-page","status-publish","hentry"],"_links":{"self":[{"href":"https:\/\/www.raccontinellarete.it\/index.php?rest_route=\/wp\/v2\/pages\/335"}],"collection":[{"href":"https:\/\/www.raccontinellarete.it\/index.php?rest_route=\/wp\/v2\/pages"}],"about":[{"href":"https:\/\/www.raccontinellarete.it\/index.php?rest_route=\/wp\/v2\/types\/page"}],"author":[{"embeddable":true,"href":"https:\/\/www.raccontinellarete.it\/index.php?rest_route=\/wp\/v2\/users\/3"}],"replies":[{"embeddable":true,"href":"https:\/\/www.raccontinellarete.it\/index.php?rest_route=%2Fwp%2Fv2%2Fcomments&post=335"}],"version-history":[{"count":11,"href":"https:\/\/www.raccontinellarete.it\/index.php?rest_route=\/wp\/v2\/pages\/335\/revisions"}],"predecessor-version":[{"id":44258,"href":"https:\/\/www.raccontinellarete.it\/index.php?rest_route=\/wp\/v2\/pages\/335\/revisions\/44258"}],"up":[{"embeddable":true,"href":"https:\/\/www.raccontinellarete.it\/index.php?rest_route=\/wp\/v2\/pages\/55388"}],"wp:attachment":[{"href":"https:\/\/www.raccontinellarete.it\/index.php?rest_route=%2Fwp%2Fv2%2Fmedia&parent=335"}],"curies":[{"name":"wp","href":"https:\/\/api.w.org\/{rel}","templated":true}]}}