{"id":3,"date":"2008-11-07T18:34:10","date_gmt":"2008-11-07T17:34:10","guid":{"rendered":"http:\/\/www.raccontinellarete.it\/263\/?page_id=3"},"modified":"2026-01-20T12:25:46","modified_gmt":"2026-01-20T11:25:46","slug":"racconti-nella-rete-2009","status":"publish","type":"page","link":"https:\/\/www.raccontinellarete.it\/?page_id=3","title":{"rendered":"Premio letterario Racconti nella Rete 2026"},"content":{"rendered":"\n<p><\/p>\n\n\n\n<figure class=\"wp-block-image size-full is-resized\"><img loading=\"lazy\" decoding=\"async\" width=\"886\" height=\"1240\" src=\"https:\/\/www.raccontinellarete.it\/301\/wp-content\/uploads\/2026\/01\/racconti2026-1-Copia.jpg\" alt=\"\" class=\"wp-image-58297\" style=\"aspect-ratio:0.7147335423197492;width:277px;height:auto\" srcset=\"https:\/\/www.raccontinellarete.it\/301\/wp-content\/uploads\/2026\/01\/racconti2026-1-Copia.jpg 886w, https:\/\/www.raccontinellarete.it\/301\/wp-content\/uploads\/2026\/01\/racconti2026-1-Copia-179x250.jpg 179w, https:\/\/www.raccontinellarete.it\/301\/wp-content\/uploads\/2026\/01\/racconti2026-1-Copia-732x1024.jpg 732w, https:\/\/www.raccontinellarete.it\/301\/wp-content\/uploads\/2026\/01\/racconti2026-1-Copia-768x1075.jpg 768w\" sizes=\"(max-width: 886px) 100vw, 886px\" \/><figcaption class=\"wp-element-caption\"><em>La copertina dell&#8217;antologia 2026, che sar\u00e0 presentata a ottobre al festival LuccAutori,  realizzata da <strong>Athos Careghi<\/strong><\/em><\/figcaption><\/figure>\n\n\n\n<p><br><\/p>\n\n\n\n<p>Il Premio Letterario \u201c<strong>RACCONTI NELLA RETE\u00ae 2026<\/strong>\u201c, giunto alla <strong>venticinquesima edizione<\/strong>, \u00e8 organizzato dall\u2019Associazione Culturale LuccAutori. Demetrio Brandi \u00e8 l\u2019ideatore del premio e il presidente dell\u2019associazione.<\/p>\n\n\n\n<p>Nel corso degli anni il successo del premio Racconti nella Rete \u00e8 stato ampiamente confermato sia dalla cresciuta qualit\u00e0 degli elaborati pervenuti che dal grande numero&nbsp;di&nbsp;partecipanti&nbsp;dall&#8217;Italia e dall&#8217;estero.<\/p>\n\n\n\n<p>Il progetto letterario parte e si sviluppa ogni anno sul sito www.raccontinellarete.it, dove gli iscritti possono pubblicare i propri racconti, oltre che leggere e commentare quelli degli altri.&nbsp; L\u2019esperienza \u00e8 arricchita anche da una sezione speciale di <strong>racconti per bambini<\/strong> e dal premio <strong>Racconti per Corti<\/strong>&nbsp; riservato a soggetti per cortometraggi che ha registrato un grande successo fin dalla prima edizione del 2010.<\/p>\n\n\n\n<p>I racconti ed i soggetti per corti inseriti nel sito di Racconti nella Rete tra il&nbsp;<strong>25 ottobre 2025 ed il 31 maggio 2026 saranno selezionati e pubblicati in rete<\/strong>. L\u2019iscrizione al Premio Letterario dovr\u00e0 avvenire nei termini previsti dal regolamento.<\/p>\n\n\n\n<p>I 25 migliori racconti pervenuti, valutati da una giuria di qualit\u00e0, saranno pubblicati in un\u2019antologia&nbsp;edita da <b>Castelvecchi<\/b>&nbsp;e premiati il 17 e 18 ottobre a Lucca, Villa Bottini, in occasione del 32\u00b0 festival <strong>LuccAutori<\/strong> (il programma completo della manifestazione si svilupper\u00e0 dal 3 al 18 ottobre).<\/p>\n\n\n\n<p>La distribuzione capillare nelle librerie di tutta Italia sar\u00e0 accompagnata da una serie di presentazioni curate direttamente dal presidente del Premio, Demetrio Brandi, in collaborazione con gli autori finalisti.<\/p>\n\n\n\n<p>Al termine della manifestazione i racconti selezionati entreranno a far parte dell\u2019archivio on-line della manifestazione.<\/p>\n\n\n\n<p>Ancor prima della tanto attesa premiazione dei venticinque racconti selezionati dalla giuria tecnica, e prima della prestigiosa pubblicazione dei racconti e delle giornate conclusive che coronano l\u2019evento, \u00e8 comunque doveroso porre l\u2019attenzione sul fatto che <strong>Racconti nella Rete<\/strong> vuole essere un\u2019opportunit\u00e0 di espressione e confronto tra aspiranti scrittori pi\u00f9 o meno giovani.<\/p>\n\n\n\n<p>La peculiarit\u00e0 del concorso \u00e8 infatti il momento vitale ed emozionante della pubblicazione on-line dei racconti. In una sorta di agor\u00e0 virtuale, tutti trovano infatti lo spazio privilegiato per dar voce alle proprie fantasie, memorie o sogni, per cimentarsi nella scrittura creativa e per saggiare il valore e la qualit\u00e0 del proprio lavoro, incontrando talenti sconosciuti o confrontandosi immediatamente con i diversi stili narrativi, generi e contenuti. E\u2019 questo il momento in cui tutti, dal professionista al dilettante, hanno piena possibilit\u00e0 di espressione e uguale dignit\u00e0 di ascolto.<\/p>\n\n\n\n<p>E\u2019 importante quindi ricordare che \u00e8 questo lo spirito che ha animato fin dall\u2019inizio il progetto letterario, ovvero la creazione di uno spazio veramente democratico in cui dare la possibilit\u00e0 di espressione a tutti quelli che lo desiderino.<\/p>\n\n\n\n<p>La Rete pu\u00f2 essere certamente di supporto a uno scrittore, ma non pu\u00f2 comunque sostituire la funzione di una casa editrice. Frequentare circoli virtuali di scrittura, scrivere su web magazine, mettere il proprio e-book in vendita su una vetrina virtuale sono metodi efficaci per aumentare la propria visibilit\u00e0, ma la maggior parte degli scrittori ha comunque bisogno di essere riconosciuti da una casa editrice, oltre che di incontrare il proprio pubblico di lettori.<\/p>\n\n\n\n<p>Di Emily Dickinson nella realt\u00e0 non ce ne sono state molte. Cio\u00e8 si pu\u00f2 essere grandi senza uscire dalla propria stanza, ma quanti possono farlo? Di conseguenza la Rete non pu\u00f2 essere la sede definitiva per uno scrittore. Nel caso di Racconti nella Rete la pubblicazione dei migliori racconti in un\u2019antologia edita da Castelvecchi \u00e8 quindi il passo successivo per l\u2019inserimento degli scrittori nel panorama letterario italiano. L\u2019Associazione LuccAutori, oltre alla pubblicazione, promuove e organizza presentazioni della antologia nelle varie citt\u00e0, fornendo quindi agli scrittori ulteriori possibilit\u00e0 per incontrare il loro pubblico.<\/p>\n\n\n\n<p><strong>Ricordate<\/strong><br>Se avete un racconto inedito e desiderate pubblicarlo siete invitati a partecipare alla selezione. L\u2019argomento dei racconti \u00e8 libero, senza alcuna restrizione di genere. L\u2019obiettivo dell\u2019Associazione LuccAutori \u00e8 infatti quello di stimolare, aggregare, valorizzare e promuovere la creativit\u00e0 e le attitudini professionali in ambito letterario. Con la pubblicazione on-line dei racconti sar\u00e0 pi\u00f9 agevole per tutti avvicinarsi ai testi inediti e per confrontarsi con altri lettori e scrittori.<\/p>\n\n\n\n<p><strong>Per informazioni tel.: 0584.651874 oppure scrivere a info@raccontinellarete.it <\/strong><\/p>\n\n\n\n<p><strong>Racconti nella Rete<\/strong> \u00ae giunge alla 25^ edizione avvalendosi di una grande giuria tecnica che dal 1 giugno selezioner\u00e0 i 25 racconti vincitori. Racconti che saranno pubblicati nell&#8217;antologia 2026. Coordinata dal presidente e ideatore del Premio, <strong>Demetrio Brandi<\/strong>, la giuria \u00e8 composta dagli scrittori e giornalisti <strong>Chiara Lico<\/strong>, <strong>Marco De Angelis<\/strong>, <strong>Eleonora Sottili, Nicola Buoso, Luisa Chiumenti, Mario Bernardi Guardi, Laura Orsolini, Edoardo De Angelis,<\/strong>&nbsp;<strong>Anna De Castiglione, Elena Marchini,&nbsp; Silvia Bello Molteni, Donatella Salucci.&nbsp;<\/strong><\/p>\n\n\n\n<p>Il <strong>gruppo di lavoro<\/strong> dell\u2019associazione culturale LuccAutori, diretto da <strong>Demetrio Brandi<\/strong>, \u00e8 formato da&nbsp;<strong>Elena Marchini, Sabrina Brocchini, Anna De Castiglione, Rinaldo Serra, Ilaria Ferrero, Mauro Giraffi.&nbsp; <\/strong>Un particolare ringraziamento al webmaster <strong>Luca Crocetti<\/strong>.<\/p>\n\n\n\n<p>La copertina dell&#8217;antologia 2025 \u00e8 stata realizzata dall&#8217;illustratrice <strong>Marilena Nardi<\/strong><strong>.<\/strong> <\/p>\n\n\n\n<figure class=\"wp-block-image size-large\"><img loading=\"lazy\" decoding=\"async\" width=\"512\" height=\"1024\" src=\"https:\/\/www.raccontinellarete.it\/301\/wp-content\/uploads\/2026\/01\/Banner_copertine-2025-aggiornato-512x1024.jpg\" alt=\"\" class=\"wp-image-58299\" srcset=\"https:\/\/www.raccontinellarete.it\/301\/wp-content\/uploads\/2026\/01\/Banner_copertine-2025-aggiornato-512x1024.jpg 512w, https:\/\/www.raccontinellarete.it\/301\/wp-content\/uploads\/2026\/01\/Banner_copertine-2025-aggiornato-125x250.jpg 125w, https:\/\/www.raccontinellarete.it\/301\/wp-content\/uploads\/2026\/01\/Banner_copertine-2025-aggiornato-768x1536.jpg 768w, https:\/\/www.raccontinellarete.it\/301\/wp-content\/uploads\/2026\/01\/Banner_copertine-2025-aggiornato-1024x2048.jpg 1024w, https:\/\/www.raccontinellarete.it\/301\/wp-content\/uploads\/2026\/01\/Banner_copertine-2025-aggiornato.jpg 1200w\" sizes=\"(max-width: 512px) 100vw, 512px\" \/><\/figure>\n\n\n\n<p><\/p>\n<div class=\"pvc_clear\"><\/div><p id=\"pvc_stats_3\" class=\"pvc_stats all  \" data-element-id=\"3\" style=\"\"><i class=\"pvc-stats-icon medium\" aria-hidden=\"true\"><svg aria-hidden=\"true\" focusable=\"false\" data-prefix=\"far\" data-icon=\"chart-bar\" role=\"img\" xmlns=\"http:\/\/www.w3.org\/2000\/svg\" viewBox=\"0 0 512 512\" class=\"svg-inline--fa fa-chart-bar fa-w-16 fa-2x\"><path fill=\"currentColor\" d=\"M396.8 352h22.4c6.4 0 12.8-6.4 12.8-12.8V108.8c0-6.4-6.4-12.8-12.8-12.8h-22.4c-6.4 0-12.8 6.4-12.8 12.8v230.4c0 6.4 6.4 12.8 12.8 12.8zm-192 0h22.4c6.4 0 12.8-6.4 12.8-12.8V140.8c0-6.4-6.4-12.8-12.8-12.8h-22.4c-6.4 0-12.8 6.4-12.8 12.8v198.4c0 6.4 6.4 12.8 12.8 12.8zm96 0h22.4c6.4 0 12.8-6.4 12.8-12.8V204.8c0-6.4-6.4-12.8-12.8-12.8h-22.4c-6.4 0-12.8 6.4-12.8 12.8v134.4c0 6.4 6.4 12.8 12.8 12.8zM496 400H48V80c0-8.84-7.16-16-16-16H16C7.16 64 0 71.16 0 80v336c0 17.67 14.33 32 32 32h464c8.84 0 16-7.16 16-16v-16c0-8.84-7.16-16-16-16zm-387.2-48h22.4c6.4 0 12.8-6.4 12.8-12.8v-70.4c0-6.4-6.4-12.8-12.8-12.8h-22.4c-6.4 0-12.8 6.4-12.8 12.8v70.4c0 6.4 6.4 12.8 12.8 12.8z\" class=\"\"><\/path><\/svg><\/i> <img loading=\"lazy\" decoding=\"async\" width=\"16\" height=\"16\" alt=\"Loading\" src=\"https:\/\/www.raccontinellarete.it\/301\/wp-content\/plugins\/page-views-count\/ajax-loader-2x.gif\" border=0 \/><\/p><div class=\"pvc_clear\"><\/div>","protected":false},"excerpt":{"rendered":"<p>Il Premio Letterario \u201cRACCONTI NELLA RETE\u00ae 2026\u201c, giunto alla venticinquesima edizione, \u00e8 organizzato dall\u2019Associazione Culturale LuccAutori. Demetrio Brandi \u00e8 l\u2019ideatore del premio e il presidente dell\u2019associazione. Nel corso degli anni il successo del premio Racconti nella Rete \u00e8 stato ampiamente confermato sia dalla cresciuta qualit\u00e0 degli elaborati pervenuti che dal grande numero&nbsp;di&nbsp;partecipanti&nbsp;dall&#8217;Italia e dall&#8217;estero. Il [&hellip;]<\/p>\n<div class=\"pvc_clear\"><\/div>\n<p id=\"pvc_stats_3\" class=\"pvc_stats all  \" data-element-id=\"3\" style=\"\"><i class=\"pvc-stats-icon medium\" aria-hidden=\"true\"><svg aria-hidden=\"true\" focusable=\"false\" data-prefix=\"far\" data-icon=\"chart-bar\" role=\"img\" xmlns=\"http:\/\/www.w3.org\/2000\/svg\" viewBox=\"0 0 512 512\" class=\"svg-inline--fa fa-chart-bar fa-w-16 fa-2x\"><path fill=\"currentColor\" d=\"M396.8 352h22.4c6.4 0 12.8-6.4 12.8-12.8V108.8c0-6.4-6.4-12.8-12.8-12.8h-22.4c-6.4 0-12.8 6.4-12.8 12.8v230.4c0 6.4 6.4 12.8 12.8 12.8zm-192 0h22.4c6.4 0 12.8-6.4 12.8-12.8V140.8c0-6.4-6.4-12.8-12.8-12.8h-22.4c-6.4 0-12.8 6.4-12.8 12.8v198.4c0 6.4 6.4 12.8 12.8 12.8zm96 0h22.4c6.4 0 12.8-6.4 12.8-12.8V204.8c0-6.4-6.4-12.8-12.8-12.8h-22.4c-6.4 0-12.8 6.4-12.8 12.8v134.4c0 6.4 6.4 12.8 12.8 12.8zM496 400H48V80c0-8.84-7.16-16-16-16H16C7.16 64 0 71.16 0 80v336c0 17.67 14.33 32 32 32h464c8.84 0 16-7.16 16-16v-16c0-8.84-7.16-16-16-16zm-387.2-48h22.4c6.4 0 12.8-6.4 12.8-12.8v-70.4c0-6.4-6.4-12.8-12.8-12.8h-22.4c-6.4 0-12.8 6.4-12.8 12.8v70.4c0 6.4 6.4 12.8 12.8 12.8z\" class=\"\"><\/path><\/svg><\/i> <img loading=\"lazy\" decoding=\"async\" width=\"16\" height=\"16\" alt=\"Loading\" src=\"https:\/\/www.raccontinellarete.it\/301\/wp-content\/plugins\/page-views-count\/ajax-loader-2x.gif\" border=0 \/><\/p>\n<div class=\"pvc_clear\"><\/div>\n","protected":false},"author":13023,"featured_media":0,"parent":0,"menu_order":6,"comment_status":"open","ping_status":"closed","template":"","meta":{"footnotes":""},"class_list":["post-3","page","type-page","status-publish","hentry"],"_links":{"self":[{"href":"https:\/\/www.raccontinellarete.it\/index.php?rest_route=\/wp\/v2\/pages\/3"}],"collection":[{"href":"https:\/\/www.raccontinellarete.it\/index.php?rest_route=\/wp\/v2\/pages"}],"about":[{"href":"https:\/\/www.raccontinellarete.it\/index.php?rest_route=\/wp\/v2\/types\/page"}],"author":[{"embeddable":true,"href":"https:\/\/www.raccontinellarete.it\/index.php?rest_route=\/wp\/v2\/users\/13023"}],"replies":[{"embeddable":true,"href":"https:\/\/www.raccontinellarete.it\/index.php?rest_route=%2Fwp%2Fv2%2Fcomments&post=3"}],"version-history":[{"count":49,"href":"https:\/\/www.raccontinellarete.it\/index.php?rest_route=\/wp\/v2\/pages\/3\/revisions"}],"predecessor-version":[{"id":58300,"href":"https:\/\/www.raccontinellarete.it\/index.php?rest_route=\/wp\/v2\/pages\/3\/revisions\/58300"}],"wp:attachment":[{"href":"https:\/\/www.raccontinellarete.it\/index.php?rest_route=%2Fwp%2Fv2%2Fmedia&parent=3"}],"curies":[{"name":"wp","href":"https:\/\/api.w.org\/{rel}","templated":true}]}}

<p></p>



<figure class="wp-block-image size-full is-resized"><img loading="lazy" decoding="async" width="886" height="1240" src="https://www.raccontinellarete.it/301/wp-content/uploads/2026/01/racconti2026-1-Copia.jpg" alt="" class="wp-image-58297" style="aspect-ratio:0.7147335423197492;width:277px;height:auto" srcset="https://www.raccontinellarete.it/301/wp-content/uploads/2026/01/racconti2026-1-Copia.jpg 886w, https://www.raccontinellarete.it/301/wp-content/uploads/2026/01/racconti2026-1-Copia-179x250.jpg 179w, https://www.raccontinellarete.it/301/wp-content/uploads/2026/01/racconti2026-1-Copia-732x1024.jpg 732w, https://www.raccontinellarete.it/301/wp-content/uploads/2026/01/racconti2026-1-Copia-768x1075.jpg 768w" sizes="(max-width: 886px) 100vw, 886px" /><figcaption class="wp-element-caption"><em>La copertina dell&#8217;antologia 2026, che sarà presentata a ottobre al festival LuccAutori,  realizzata da <strong>Athos Careghi</strong></em></figcaption></figure>



<p><br></p>



<p>Il Premio Letterario “<strong>RACCONTI NELLA RETE® 2026</strong>“, giunto alla <strong>venticinquesima edizione</strong>, è organizzato dall’Associazione Culturale LuccAutori. Demetrio Brandi è l’ideatore del premio e il presidente dell’associazione.</p>



<p>Nel corso degli anni il successo del premio Racconti nella Rete è stato ampiamente confermato sia dalla cresciuta qualità degli elaborati pervenuti che dal grande numero&nbsp;di&nbsp;partecipanti&nbsp;dall&#8217;Italia e dall&#8217;estero.</p>



<p>Il progetto letterario parte e si sviluppa ogni anno sul sito www.raccontinellarete.it, dove gli iscritti possono pubblicare i propri racconti, oltre che leggere e commentare quelli degli altri.&nbsp; L’esperienza è arricchita anche da una sezione speciale di <strong>racconti per bambini</strong> e dal premio <strong>Racconti per Corti</strong>&nbsp; riservato a soggetti per cortometraggi che ha registrato un grande successo fin dalla prima edizione del 2010.</p>



<p>I racconti ed i soggetti per corti inseriti nel sito di Racconti nella Rete tra il&nbsp;<strong>25 ottobre 2025 ed il 31 maggio 2026 saranno selezionati e pubblicati in rete</strong>. L’iscrizione al Premio Letterario dovrà avvenire nei termini previsti dal regolamento.</p>



<p>I 25 migliori racconti pervenuti, valutati da una giuria di qualità, saranno pubblicati in un’antologia&nbsp;edita da <b>Castelvecchi</b>&nbsp;e premiati il 17 e 18 ottobre a Lucca, Villa Bottini, in occasione del 32° festival <strong>LuccAutori</strong> (il programma completo della manifestazione si svilupperà dal 3 al 18 ottobre).</p>



<p>La distribuzione capillare nelle librerie di tutta Italia sarà accompagnata da una serie di presentazioni curate direttamente dal presidente del Premio, Demetrio Brandi, in collaborazione con gli autori finalisti.</p>



<p>Al termine della manifestazione i racconti selezionati entreranno a far parte dell’archivio on-line della manifestazione.</p>



<p>Ancor prima della tanto attesa premiazione dei venticinque racconti selezionati dalla giuria tecnica, e prima della prestigiosa pubblicazione dei racconti e delle giornate conclusive che coronano l’evento, è comunque doveroso porre l’attenzione sul fatto che <strong>Racconti nella Rete</strong> vuole essere un’opportunità di espressione e confronto tra aspiranti scrittori più o meno giovani.</p>



<p>La peculiarità del concorso è infatti il momento vitale ed emozionante della pubblicazione on-line dei racconti. In una sorta di agorà virtuale, tutti trovano infatti lo spazio privilegiato per dar voce alle proprie fantasie, memorie o sogni, per cimentarsi nella scrittura creativa e per saggiare il valore e la qualità del proprio lavoro, incontrando talenti sconosciuti o confrontandosi immediatamente con i diversi stili narrativi, generi e contenuti. E’ questo il momento in cui tutti, dal professionista al dilettante, hanno piena possibilità di espressione e uguale dignità di ascolto.</p>



<p>E’ importante quindi ricordare che è questo lo spirito che ha animato fin dall’inizio il progetto letterario, ovvero la creazione di uno spazio veramente democratico in cui dare la possibilità di espressione a tutti quelli che lo desiderino.</p>



<p>La Rete può essere certamente di supporto a uno scrittore, ma non può comunque sostituire la funzione di una casa editrice. Frequentare circoli virtuali di scrittura, scrivere su web magazine, mettere il proprio e-book in vendita su una vetrina virtuale sono metodi efficaci per aumentare la propria visibilità, ma la maggior parte degli scrittori ha comunque bisogno di essere riconosciuti da una casa editrice, oltre che di incontrare il proprio pubblico di lettori.</p>



<p>Di Emily Dickinson nella realtà non ce ne sono state molte. Cioè si può essere grandi senza uscire dalla propria stanza, ma quanti possono farlo? Di conseguenza la Rete non può essere la sede definitiva per uno scrittore. Nel caso di Racconti nella Rete la pubblicazione dei migliori racconti in un’antologia edita da Castelvecchi è quindi il passo successivo per l’inserimento degli scrittori nel panorama letterario italiano. L’Associazione LuccAutori, oltre alla pubblicazione, promuove e organizza presentazioni della antologia nelle varie città, fornendo quindi agli scrittori ulteriori possibilità per incontrare il loro pubblico.</p>



<p><strong>Ricordate</strong><br>Se avete un racconto inedito e desiderate pubblicarlo siete invitati a partecipare alla selezione. L’argomento dei racconti è libero, senza alcuna restrizione di genere. L’obiettivo dell’Associazione LuccAutori è infatti quello di stimolare, aggregare, valorizzare e promuovere la creatività e le attitudini professionali in ambito letterario. Con la pubblicazione on-line dei racconti sarà più agevole per tutti avvicinarsi ai testi inediti e per confrontarsi con altri lettori e scrittori.</p>



<p><strong>Per informazioni tel.: 0584.651874 oppure scrivere a info@raccontinellarete.it </strong></p>



<p><strong>Racconti nella Rete</strong> ® giunge alla 25^ edizione avvalendosi di una grande giuria tecnica che dal 1 giugno selezionerà i 25 racconti vincitori. Racconti che saranno pubblicati nell&#8217;antologia 2026. Coordinata dal presidente e ideatore del Premio, <strong>Demetrio Brandi</strong>, la giuria è composta dagli scrittori e giornalisti <strong>Chiara Lico</strong>, <strong>Marco De Angelis</strong>, <strong>Eleonora Sottili, Nicola Buoso, Luisa Chiumenti, Mario Bernardi Guardi, Laura Orsolini, Edoardo De Angelis,</strong>&nbsp;<strong>Anna De Castiglione, Elena Marchini,&nbsp; Silvia Bello Molteni, Donatella Salucci.&nbsp;</strong></p>



<p>Il <strong>gruppo di lavoro</strong> dell’associazione culturale LuccAutori, diretto da <strong>Demetrio Brandi</strong>, è formato da&nbsp;<strong>Elena Marchini, Sabrina Brocchini, Anna De Castiglione, Rinaldo Serra, Ilaria Ferrero, Mauro Giraffi.&nbsp; </strong>Un particolare ringraziamento al webmaster <strong>Luca Crocetti</strong>.</p>



<p>La copertina dell&#8217;antologia 2025 è stata realizzata dall&#8217;illustratrice <strong>Marilena Nardi</strong><strong>.</strong> </p>



<figure class="wp-block-image size-large"><img loading="lazy" decoding="async" width="512" height="1024" src="https://www.raccontinellarete.it/301/wp-content/uploads/2026/01/Banner_copertine-2025-aggiornato-512x1024.jpg" alt="" class="wp-image-58299" srcset="https://www.raccontinellarete.it/301/wp-content/uploads/2026/01/Banner_copertine-2025-aggiornato-512x1024.jpg 512w, https://www.raccontinellarete.it/301/wp-content/uploads/2026/01/Banner_copertine-2025-aggiornato-125x250.jpg 125w, https://www.raccontinellarete.it/301/wp-content/uploads/2026/01/Banner_copertine-2025-aggiornato-768x1536.jpg 768w, https://www.raccontinellarete.it/301/wp-content/uploads/2026/01/Banner_copertine-2025-aggiornato-1024x2048.jpg 1024w, https://www.raccontinellarete.it/301/wp-content/uploads/2026/01/Banner_copertine-2025-aggiornato.jpg 1200w" sizes="(max-width: 512px) 100vw, 512px" /></figure>



<p></p>
<div class="pvc_clear"></div><p id="pvc_stats_3" class="pvc_stats all  " data-element-id="3" style=""><i class="pvc-stats-icon medium" aria-hidden="true"><svg aria-hidden="true" focusable="false" data-prefix="far" data-icon="chart-bar" role="img" xmlns="http://www.w3.org/2000/svg" viewBox="0 0 512 512" class="svg-inline--fa fa-chart-bar fa-w-16 fa-2x"><path fill="currentColor" d="M396.8 352h22.4c6.4 0 12.8-6.4 12.8-12.8V108.8c0-6.4-6.4-12.8-12.8-12.8h-22.4c-6.4 0-12.8 6.4-12.8 12.8v230.4c0 6.4 6.4 12.8 12.8 12.8zm-192 0h22.4c6.4 0 12.8-6.4 12.8-12.8V140.8c0-6.4-6.4-12.8-12.8-12.8h-22.4c-6.4 0-12.8 6.4-12.8 12.8v198.4c0 6.4 6.4 12.8 12.8 12.8zm96 0h22.4c6.4 0 12.8-6.4 12.8-12.8V204.8c0-6.4-6.4-12.8-12.8-12.8h-22.4c-6.4 0-12.8 6.4-12.8 12.8v134.4c0 6.4 6.4 12.8 12.8 12.8zM496 400H48V80c0-8.84-7.16-16-16-16H16C7.16 64 0 71.16 0 80v336c0 17.67 14.33 32 32 32h464c8.84 0 16-7.16 16-16v-16c0-8.84-7.16-16-16-16zm-387.2-48h22.4c6.4 0 12.8-6.4 12.8-12.8v-70.4c0-6.4-6.4-12.8-12.8-12.8h-22.4c-6.4 0-12.8 6.4-12.8 12.8v70.4c0 6.4 6.4 12.8 12.8 12.8z" class=""></path></svg></i> <img loading="lazy" decoding="async" width="16" height="16" alt="Loading" src="https://www.raccontinellarete.it/301/wp-content/plugins/page-views-count/ajax-loader-2x.gif" border=0 /></p><div class="pvc_clear"></div>

<p>Il Premio Letterario “RACCONTI NELLA RETE® 2026“, giunto alla venticinquesima edizione, è organizzato dall’Associazione Culturale LuccAutori. Demetrio Brandi è l’ideatore del premio e il presidente dell’associazione. Nel corso degli anni il successo del premio Racconti nella Rete è stato ampiamente confermato sia dalla cresciuta qualità degli elaborati pervenuti che dal grande numero&nbsp;di&nbsp;partecipanti&nbsp;dall&#8217;Italia e dall&#8217;estero. Il [&hellip;]</p>
<div class="pvc_clear"></div>
<p id="pvc_stats_3" class="pvc_stats all  " data-element-id="3" style=""><i class="pvc-stats-icon medium" aria-hidden="true"><svg aria-hidden="true" focusable="false" data-prefix="far" data-icon="chart-bar" role="img" xmlns="http://www.w3.org/2000/svg" viewBox="0 0 512 512" class="svg-inline--fa fa-chart-bar fa-w-16 fa-2x"><path fill="currentColor" d="M396.8 352h22.4c6.4 0 12.8-6.4 12.8-12.8V108.8c0-6.4-6.4-12.8-12.8-12.8h-22.4c-6.4 0-12.8 6.4-12.8 12.8v230.4c0 6.4 6.4 12.8 12.8 12.8zm-192 0h22.4c6.4 0 12.8-6.4 12.8-12.8V140.8c0-6.4-6.4-12.8-12.8-12.8h-22.4c-6.4 0-12.8 6.4-12.8 12.8v198.4c0 6.4 6.4 12.8 12.8 12.8zm96 0h22.4c6.4 0 12.8-6.4 12.8-12.8V204.8c0-6.4-6.4-12.8-12.8-12.8h-22.4c-6.4 0-12.8 6.4-12.8 12.8v134.4c0 6.4 6.4 12.8 12.8 12.8zM496 400H48V80c0-8.84-7.16-16-16-16H16C7.16 64 0 71.16 0 80v336c0 17.67 14.33 32 32 32h464c8.84 0 16-7.16 16-16v-16c0-8.84-7.16-16-16-16zm-387.2-48h22.4c6.4 0 12.8-6.4 12.8-12.8v-70.4c0-6.4-6.4-12.8-12.8-12.8h-22.4c-6.4 0-12.8 6.4-12.8 12.8v70.4c0 6.4 6.4 12.8 12.8 12.8z" class=""></path></svg></i> <img loading="lazy" decoding="async" width="16" height="16" alt="Loading" src="https://www.raccontinellarete.it/301/wp-content/plugins/page-views-count/ajax-loader-2x.gif" border=0 /></p>
<div class="pvc_clear"></div>
