{"id":21310,"date":"2014-07-29T18:57:23","date_gmt":"2014-07-29T17:57:23","guid":{"rendered":"http:\/\/www.raccontinellarete.it\/?page_id=21310"},"modified":"2024-10-26T22:00:15","modified_gmt":"2024-10-26T21:00:15","slug":"il-soggetto-vincitore-di-racconti-per-corti-2014","status":"publish","type":"page","link":"https:\/\/www.raccontinellarete.it\/?page_id=21310","title":{"rendered":"Edizione 2014"},"content":{"rendered":"<p style=\"text-align: justify;\">La giuria tecnica della <strong>sezione \u201cCorti\u201d del Premio Letterario Racconti nella Rete 2014 ha selezionato per la realizzazione del cortometraggio il soggetto \u00a0dal titolo \u201cPalline di pane\u201d <\/strong>di<strong> Matteo Agamennone <\/strong>(Bologna).<\/p>\n<p style=\"text-align: justify;\">Il cortometraggio sar\u00e0\u00a0\u00a0girato a Lucca \u00a0nel mese di settembre con la collaborazione della <strong>Scuola di Cinema Immagina<\/strong> e la regia di <strong>Giuseppe Ferlito &#8211; <a href=\"http:\/\/www.cinemaimmagina.it\">www.cinemaimmagina.it<\/a>. <\/strong><\/p>\n<p style=\"text-align: justify;\">La proiezione in anteprima assoluta avr\u00e0 luogo sabato 11 ottobre alle 17 presso Villa Bottini di Lucca in occasione della XX edizione di LuccAutori \u2013 Premio Racconti nella Rete.<\/p>\n<p style=\"text-align: justify;\">La giuria del Premio, constatando la buona qualit\u00e0 dei\u00a0testi pervenuti, \u00a0riserva una menzione speciale ai soggetti \u00a0\u201c<strong>La cena per fare coming out&#8221; di Alex Creazzi, \u00a0&#8220;Erostrato&#8221; di Roberto Lezzi \u00a0<\/strong>e<strong>\u00a0\u201cIl pedinamento\u201d di Emanuele Ratti.<\/strong><\/p>\n<p style=\"text-align: justify;\">Matteo Agamennone, trentenne, vive a\u00a0 Bologna.\u00a0\u00a0Ha maturato un fortissimo interesse per il cinema fin da piccolo.\u00a0&#8220;Allora non capivo esattamente che direzione volessi prendere&#8221; &#8211; dice Matteo &#8211; \u00a0&#8220;e ho iniziato ad allestire spettacoli con i burattini, poi a essere protagonista in prima persona sul palcoscenico e solo pi\u00f9 tardi ho compreso che la scrittura, la creazione, l&#8217;idea che tutto fa partire era ci\u00f2 di cui mi volevo occupare pi\u00f9 di tutto e da allora non ho pi\u00f9 smesso di scrivere e creare&#8230;&#8221;.<\/p>\n<p style=\"text-align: justify;\">Agamennone \u00e8 il quinto vincitore di questa speciale sezione di Racconti nella Rete. In precedenza sono stati realizzati i cortometraggi tratti dai soggetti di Giuseppe Sanalitro, Alessandro Russo, Roberto Ricci e Delia Mazzocchi.<\/p>\n<div class=\"pvc_clear\"><\/div>\n<p id=\"pvc_stats_21310\" class=\"pvc_stats all  \" data-element-id=\"21310\" style=\"\"><i class=\"pvc-stats-icon medium\" aria-hidden=\"true\"><svg aria-hidden=\"true\" focusable=\"false\" data-prefix=\"far\" data-icon=\"chart-bar\" role=\"img\" xmlns=\"http:\/\/www.w3.org\/2000\/svg\" viewBox=\"0 0 512 512\" class=\"svg-inline--fa fa-chart-bar fa-w-16 fa-2x\"><path fill=\"currentColor\" d=\"M396.8 352h22.4c6.4 0 12.8-6.4 12.8-12.8V108.8c0-6.4-6.4-12.8-12.8-12.8h-22.4c-6.4 0-12.8 6.4-12.8 12.8v230.4c0 6.4 6.4 12.8 12.8 12.8zm-192 0h22.4c6.4 0 12.8-6.4 12.8-12.8V140.8c0-6.4-6.4-12.8-12.8-12.8h-22.4c-6.4 0-12.8 6.4-12.8 12.8v198.4c0 6.4 6.4 12.8 12.8 12.8zm96 0h22.4c6.4 0 12.8-6.4 12.8-12.8V204.8c0-6.4-6.4-12.8-12.8-12.8h-22.4c-6.4 0-12.8 6.4-12.8 12.8v134.4c0 6.4 6.4 12.8 12.8 12.8zM496 400H48V80c0-8.84-7.16-16-16-16H16C7.16 64 0 71.16 0 80v336c0 17.67 14.33 32 32 32h464c8.84 0 16-7.16 16-16v-16c0-8.84-7.16-16-16-16zm-387.2-48h22.4c6.4 0 12.8-6.4 12.8-12.8v-70.4c0-6.4-6.4-12.8-12.8-12.8h-22.4c-6.4 0-12.8 6.4-12.8 12.8v70.4c0 6.4 6.4 12.8 12.8 12.8z\" class=\"\"><\/path><\/svg><\/i> <img loading=\"lazy\" decoding=\"async\" width=\"16\" height=\"16\" alt=\"Loading\" src=\"https:\/\/www.raccontinellarete.it\/301\/wp-content\/plugins\/page-views-count\/ajax-loader-2x.gif\" border=0 \/><\/p>\n<div class=\"pvc_clear\"><\/div>\n","protected":false},"excerpt":{"rendered":"<p>La giuria tecnica della sezione \u201cCorti\u201d del Premio Letterario Racconti nella Rete 2014 ha selezionato per la realizzazione del cortometraggio il soggetto \u00a0dal titolo \u201cPalline di pane\u201d di Matteo Agamennone (Bologna). Il cortometraggio sar\u00e0\u00a0\u00a0girato a Lucca \u00a0nel mese di settembre con la collaborazione della Scuola di Cinema Immagina e la regia di Giuseppe Ferlito &#8211; [&hellip;]<\/p>\n<div class=\"pvc_clear\"><\/div>\n<p id=\"pvc_stats_21310\" class=\"pvc_stats all  \" data-element-id=\"21310\" style=\"\"><i class=\"pvc-stats-icon medium\" aria-hidden=\"true\"><svg aria-hidden=\"true\" focusable=\"false\" data-prefix=\"far\" data-icon=\"chart-bar\" role=\"img\" xmlns=\"http:\/\/www.w3.org\/2000\/svg\" viewBox=\"0 0 512 512\" class=\"svg-inline--fa fa-chart-bar fa-w-16 fa-2x\"><path fill=\"currentColor\" d=\"M396.8 352h22.4c6.4 0 12.8-6.4 12.8-12.8V108.8c0-6.4-6.4-12.8-12.8-12.8h-22.4c-6.4 0-12.8 6.4-12.8 12.8v230.4c0 6.4 6.4 12.8 12.8 12.8zm-192 0h22.4c6.4 0 12.8-6.4 12.8-12.8V140.8c0-6.4-6.4-12.8-12.8-12.8h-22.4c-6.4 0-12.8 6.4-12.8 12.8v198.4c0 6.4 6.4 12.8 12.8 12.8zm96 0h22.4c6.4 0 12.8-6.4 12.8-12.8V204.8c0-6.4-6.4-12.8-12.8-12.8h-22.4c-6.4 0-12.8 6.4-12.8 12.8v134.4c0 6.4 6.4 12.8 12.8 12.8zM496 400H48V80c0-8.84-7.16-16-16-16H16C7.16 64 0 71.16 0 80v336c0 17.67 14.33 32 32 32h464c8.84 0 16-7.16 16-16v-16c0-8.84-7.16-16-16-16zm-387.2-48h22.4c6.4 0 12.8-6.4 12.8-12.8v-70.4c0-6.4-6.4-12.8-12.8-12.8h-22.4c-6.4 0-12.8 6.4-12.8 12.8v70.4c0 6.4 6.4 12.8 12.8 12.8z\" class=\"\"><\/path><\/svg><\/i> <img loading=\"lazy\" decoding=\"async\" width=\"16\" height=\"16\" alt=\"Loading\" src=\"https:\/\/www.raccontinellarete.it\/301\/wp-content\/plugins\/page-views-count\/ajax-loader-2x.gif\" border=0 \/><\/p>\n<div class=\"pvc_clear\"><\/div>\n","protected":false},"author":3,"featured_media":0,"parent":4554,"menu_order":17,"comment_status":"open","ping_status":"closed","template":"","meta":{"footnotes":""},"class_list":["post-21310","page","type-page","status-publish","hentry"],"_links":{"self":[{"href":"https:\/\/www.raccontinellarete.it\/index.php?rest_route=\/wp\/v2\/pages\/21310"}],"collection":[{"href":"https:\/\/www.raccontinellarete.it\/index.php?rest_route=\/wp\/v2\/pages"}],"about":[{"href":"https:\/\/www.raccontinellarete.it\/index.php?rest_route=\/wp\/v2\/types\/page"}],"author":[{"embeddable":true,"href":"https:\/\/www.raccontinellarete.it\/index.php?rest_route=\/wp\/v2\/users\/3"}],"replies":[{"embeddable":true,"href":"https:\/\/www.raccontinellarete.it\/index.php?rest_route=%2Fwp%2Fv2%2Fcomments&post=21310"}],"version-history":[{"count":2,"href":"https:\/\/www.raccontinellarete.it\/index.php?rest_route=\/wp\/v2\/pages\/21310\/revisions"}],"predecessor-version":[{"id":28963,"href":"https:\/\/www.raccontinellarete.it\/index.php?rest_route=\/wp\/v2\/pages\/21310\/revisions\/28963"}],"up":[{"embeddable":true,"href":"https:\/\/www.raccontinellarete.it\/index.php?rest_route=\/wp\/v2\/pages\/4554"}],"wp:attachment":[{"href":"https:\/\/www.raccontinellarete.it\/index.php?rest_route=%2Fwp%2Fv2%2Fmedia&parent=21310"}],"curies":[{"name":"wp","href":"https:\/\/api.w.org\/{rel}","templated":true}]}}

<p style="text-align: justify;">La giuria tecnica della <strong>sezione “Corti” del Premio Letterario Racconti nella Rete 2014 ha selezionato per la realizzazione del cortometraggio il soggetto  dal titolo “Palline di pane” </strong>di<strong> Matteo Agamennone </strong>(Bologna).</p>
<p style="text-align: justify;">Il cortometraggio sarà  girato a Lucca  nel mese di settembre con la collaborazione della <strong>Scuola di Cinema Immagina</strong> e la regia di <strong>Giuseppe Ferlito &#8211; <a href="http://www.cinemaimmagina.it">www.cinemaimmagina.it</a>. </strong></p>
<p style="text-align: justify;">La proiezione in anteprima assoluta avrà luogo sabato 11 ottobre alle 17 presso Villa Bottini di Lucca in occasione della XX edizione di LuccAutori – Premio Racconti nella Rete.</p>
<p style="text-align: justify;">La giuria del Premio, constatando la buona qualità dei testi pervenuti,  riserva una menzione speciale ai soggetti  “<strong>La cena per fare coming out&#8221; di Alex Creazzi,  &#8220;Erostrato&#8221; di Roberto Lezzi  </strong>e<strong> “Il pedinamento” di Emanuele Ratti.</strong></p>
<p style="text-align: justify;">Matteo Agamennone, trentenne, vive a  Bologna.  Ha maturato un fortissimo interesse per il cinema fin da piccolo. &#8220;Allora non capivo esattamente che direzione volessi prendere&#8221; &#8211; dice Matteo &#8211;  &#8220;e ho iniziato ad allestire spettacoli con i burattini, poi a essere protagonista in prima persona sul palcoscenico e solo più tardi ho compreso che la scrittura, la creazione, l&#8217;idea che tutto fa partire era ciò di cui mi volevo occupare più di tutto e da allora non ho più smesso di scrivere e creare&#8230;&#8221;.</p>
<p style="text-align: justify;">Agamennone è il quinto vincitore di questa speciale sezione di Racconti nella Rete. In precedenza sono stati realizzati i cortometraggi tratti dai soggetti di Giuseppe Sanalitro, Alessandro Russo, Roberto Ricci e Delia Mazzocchi.</p>
<div class="pvc_clear"></div>
<p id="pvc_stats_21310" class="pvc_stats all  " data-element-id="21310" style=""><i class="pvc-stats-icon medium" aria-hidden="true"><svg aria-hidden="true" focusable="false" data-prefix="far" data-icon="chart-bar" role="img" xmlns="http://www.w3.org/2000/svg" viewBox="0 0 512 512" class="svg-inline--fa fa-chart-bar fa-w-16 fa-2x"><path fill="currentColor" d="M396.8 352h22.4c6.4 0 12.8-6.4 12.8-12.8V108.8c0-6.4-6.4-12.8-12.8-12.8h-22.4c-6.4 0-12.8 6.4-12.8 12.8v230.4c0 6.4 6.4 12.8 12.8 12.8zm-192 0h22.4c6.4 0 12.8-6.4 12.8-12.8V140.8c0-6.4-6.4-12.8-12.8-12.8h-22.4c-6.4 0-12.8 6.4-12.8 12.8v198.4c0 6.4 6.4 12.8 12.8 12.8zm96 0h22.4c6.4 0 12.8-6.4 12.8-12.8V204.8c0-6.4-6.4-12.8-12.8-12.8h-22.4c-6.4 0-12.8 6.4-12.8 12.8v134.4c0 6.4 6.4 12.8 12.8 12.8zM496 400H48V80c0-8.84-7.16-16-16-16H16C7.16 64 0 71.16 0 80v336c0 17.67 14.33 32 32 32h464c8.84 0 16-7.16 16-16v-16c0-8.84-7.16-16-16-16zm-387.2-48h22.4c6.4 0 12.8-6.4 12.8-12.8v-70.4c0-6.4-6.4-12.8-12.8-12.8h-22.4c-6.4 0-12.8 6.4-12.8 12.8v70.4c0 6.4 6.4 12.8 12.8 12.8z" class=""></path></svg></i> <img loading="lazy" decoding="async" width="16" height="16" alt="Loading" src="https://www.raccontinellarete.it/301/wp-content/plugins/page-views-count/ajax-loader-2x.gif" border=0 /></p>
<div class="pvc_clear"></div>

<p>La giuria tecnica della sezione “Corti” del Premio Letterario Racconti nella Rete 2014 ha selezionato per la realizzazione del cortometraggio il soggetto  dal titolo “Palline di pane” di Matteo Agamennone (Bologna). Il cortometraggio sarà  girato a Lucca  nel mese di settembre con la collaborazione della Scuola di Cinema Immagina e la regia di Giuseppe Ferlito &#8211; [&hellip;]</p>
<div class="pvc_clear"></div>
<p id="pvc_stats_21310" class="pvc_stats all  " data-element-id="21310" style=""><i class="pvc-stats-icon medium" aria-hidden="true"><svg aria-hidden="true" focusable="false" data-prefix="far" data-icon="chart-bar" role="img" xmlns="http://www.w3.org/2000/svg" viewBox="0 0 512 512" class="svg-inline--fa fa-chart-bar fa-w-16 fa-2x"><path fill="currentColor" d="M396.8 352h22.4c6.4 0 12.8-6.4 12.8-12.8V108.8c0-6.4-6.4-12.8-12.8-12.8h-22.4c-6.4 0-12.8 6.4-12.8 12.8v230.4c0 6.4 6.4 12.8 12.8 12.8zm-192 0h22.4c6.4 0 12.8-6.4 12.8-12.8V140.8c0-6.4-6.4-12.8-12.8-12.8h-22.4c-6.4 0-12.8 6.4-12.8 12.8v198.4c0 6.4 6.4 12.8 12.8 12.8zm96 0h22.4c6.4 0 12.8-6.4 12.8-12.8V204.8c0-6.4-6.4-12.8-12.8-12.8h-22.4c-6.4 0-12.8 6.4-12.8 12.8v134.4c0 6.4 6.4 12.8 12.8 12.8zM496 400H48V80c0-8.84-7.16-16-16-16H16C7.16 64 0 71.16 0 80v336c0 17.67 14.33 32 32 32h464c8.84 0 16-7.16 16-16v-16c0-8.84-7.16-16-16-16zm-387.2-48h22.4c6.4 0 12.8-6.4 12.8-12.8v-70.4c0-6.4-6.4-12.8-12.8-12.8h-22.4c-6.4 0-12.8 6.4-12.8 12.8v70.4c0 6.4 6.4 12.8 12.8 12.8z" class=""></path></svg></i> <img loading="lazy" decoding="async" width="16" height="16" alt="Loading" src="https://www.raccontinellarete.it/301/wp-content/plugins/page-views-count/ajax-loader-2x.gif" border=0 /></p>
<div class="pvc_clear"></div>
